Last updated on 2022-08-15 08:49:52 CEST.
Flavor | Version | Tinstall | Tcheck | Ttotal | Status | Flags |
---|---|---|---|---|---|---|
r-devel-linux-x86_64-debian-clang | 0.2.1 | 377.18 | 221.19 | 598.37 | OK | |
r-devel-linux-x86_64-debian-gcc | 0.2.1 | 328.21 | 165.10 | 493.31 | OK | |
r-devel-linux-x86_64-fedora-clang | 0.2.1 | 812.45 | OK | |||
r-devel-linux-x86_64-fedora-gcc | 0.2.1 | 837.81 | OK | |||
r-devel-windows-x86_64 | 0.2.1 | 315.00 | 258.00 | 573.00 | OK | |
r-patched-linux-x86_64 | 0.2.1 | 344.15 | 212.75 | 556.90 | OK | |
r-release-linux-x86_64 | 0.2.1 | 336.18 | 206.35 | 542.53 | OK | |
r-release-macos-arm64 | 0.2.1 | 224.00 | NOTE | |||
r-release-macos-x86_64 | 0.2.1 | 273.00 | NOTE | |||
r-release-windows-x86_64 | 0.2.1 | 268.00 | 260.00 | 528.00 | OK | |
r-oldrel-macos-arm64 | 0.2.1 | 192.00 | NOTE | |||
r-oldrel-macos-x86_64 | 0.2.1 | 282.00 | NOTE | |||
r-oldrel-windows-ix86+x86_64 | 0.2.1 | 867.00 | 279.00 | 1146.00 | NOTE |
Version: 0.2.1
Check: installed package size
Result: NOTE
installed size is 23.4Mb
sub-directories of 1Mb or more:
libs 21.9Mb
Flavors: r-release-macos-arm64, r-release-macos-x86_64, r-oldrel-macos-arm64, r-oldrel-macos-x86_64, r-oldrel-windows-ix86+x86_64