Last updated on 2022-08-15 08:49:52 CEST.
Flavor | Version | Tinstall | Tcheck | Ttotal | Status | Flags |
---|---|---|---|---|---|---|
r-devel-linux-x86_64-debian-clang | 1.4 | 3.35 | 21.52 | 24.87 | NOTE | |
r-devel-linux-x86_64-debian-gcc | 1.4 | 2.48 | 16.74 | 19.22 | NOTE | |
r-devel-linux-x86_64-fedora-clang | 1.4 | 40.47 | NOTE | |||
r-devel-linux-x86_64-fedora-gcc | 1.4 | 38.39 | NOTE | |||
r-devel-windows-x86_64 | 1.4 | 10.00 | 49.00 | 59.00 | NOTE | |
r-patched-linux-x86_64 | 1.4 | 3.15 | 21.06 | 24.21 | NOTE | |
r-release-linux-x86_64 | 1.4 | 3.06 | 20.54 | 23.60 | NOTE | |
r-release-macos-arm64 | 1.4 | 15.00 | NOTE | |||
r-release-macos-x86_64 | 1.4 | 20.00 | NOTE | |||
r-release-windows-x86_64 | 1.4 | 7.00 | 50.00 | 57.00 | NOTE | |
r-oldrel-macos-arm64 | 1.4 | 23.00 | NOTE | |||
r-oldrel-macos-x86_64 | 1.4 | 25.00 | NOTE | |||
r-oldrel-windows-ix86+x86_64 | 1.4 | 7.00 | 30.00 | 37.00 | NOTE |
Version: 1.4
Check: DESCRIPTION meta-information
Result: NOTE
Malformed Description field: should contain one or more complete sentences.
Flavors: r-devel-linux-x86_64-debian-clang, r-devel-linux-x86_64-debian-gcc, r-devel-linux-x86_64-fedora-clang, r-devel-linux-x86_64-fedora-gcc, r-devel-windows-x86_64, r-patched-linux-x86_64, r-release-linux-x86_64, r-release-macos-arm64, r-release-macos-x86_64, r-release-windows-x86_64, r-oldrel-macos-arm64, r-oldrel-macos-x86_64, r-oldrel-windows-ix86+x86_64
Version: 1.4
Check: Rd cross-references
Result: NOTE
Undeclared packages ‘quadprog’, ‘nnls’ in Rd xrefs
Flavor: r-devel-linux-x86_64-fedora-clang
Version: 1.4
Check: compiled code
Result: NOTE
File ‘bvls/libs/bvls.so’:
Found no calls to: ‘R_registerRoutines’, ‘R_useDynamicSymbols’
It is good practice to register native routines and to disable symbol
search.
See ‘Writing portable packages’ in the ‘Writing R Extensions’ manual.
Flavors: r-devel-linux-x86_64-fedora-clang, r-devel-linux-x86_64-fedora-gcc