Last updated on 2022-08-15 08:49:52 CEST.
Flavor | Version | Tinstall | Tcheck | Ttotal | Status | Flags |
---|---|---|---|---|---|---|
r-devel-linux-x86_64-debian-gcc | 0.1.0 | 214.50 | 84.44 | 298.94 | NOTE | |
r-devel-linux-x86_64-fedora-clang | 0.1.0 | 421.44 | NOTE | |||
r-devel-linux-x86_64-fedora-gcc | 0.1.0 | 522.95 | NOTE | |||
r-devel-windows-x86_64 | 0.1.0 | 155.00 | 162.00 | 317.00 | NOTE | |
r-patched-linux-x86_64 | 0.1.0 | 158.58 | 111.65 | 270.23 | NOTE | |
r-release-linux-x86_64 | 0.1.0 | 166.06 | 108.08 | 274.14 | NOTE | |
r-release-macos-arm64 | 0.1.0 | 118.00 | NOTE | |||
r-release-macos-x86_64 | 0.1.0 | 168.00 | NOTE | |||
r-release-windows-x86_64 | 0.1.0 | 347.00 | 187.00 | 534.00 | NOTE | |
r-oldrel-macos-arm64 | 0.1.0 | 95.00 | NOTE | |||
r-oldrel-macos-x86_64 | 0.1.0 | 162.00 | NOTE |
Version: 0.1.0
Check: for GNU extensions in Makefiles
Result: NOTE
GNU make is a SystemRequirements.
Flavors: r-devel-linux-x86_64-debian-gcc, r-devel-linux-x86_64-fedora-clang, r-devel-linux-x86_64-fedora-gcc, r-devel-windows-x86_64, r-patched-linux-x86_64, r-release-linux-x86_64, r-release-macos-arm64, r-release-macos-x86_64, r-release-windows-x86_64, r-oldrel-macos-arm64, r-oldrel-macos-x86_64
Version: 0.1.0
Check: dependencies in R code
Result: NOTE
Namespaces in Imports field not imported from:
‘RcppParallel’ ‘rstantools’
All declared Imports should be used.
Flavors: r-devel-linux-x86_64-fedora-clang, r-devel-linux-x86_64-fedora-gcc, r-release-macos-arm64, r-release-macos-x86_64, r-oldrel-macos-arm64, r-oldrel-macos-x86_64
Version: 0.1.0
Check: installed package size
Result: NOTE
installed size is 43.2Mb
sub-directories of 1Mb or more:
libs 42.9Mb
Flavors: r-release-macos-arm64, r-release-macos-x86_64, r-oldrel-macos-arm64, r-oldrel-macos-x86_64