Last updated on 2022-08-15 08:49:52 CEST.
Flavor | Version | Tinstall | Tcheck | Ttotal | Status | Flags |
---|---|---|---|---|---|---|
r-devel-linux-x86_64-debian-clang | 0.3.0 | 7.09 | 73.01 | 80.10 | NOTE | |
r-devel-linux-x86_64-debian-gcc | 0.3.0 | 5.59 | 54.10 | 59.69 | NOTE | |
r-devel-linux-x86_64-fedora-clang | 0.3.0 | 105.03 | NOTE | |||
r-devel-linux-x86_64-fedora-gcc | 0.3.0 | 108.29 | NOTE | |||
r-devel-windows-x86_64 | 0.3.0 | 20.00 | 100.00 | 120.00 | NOTE | |
r-patched-linux-x86_64 | 0.3.0 | 6.90 | 70.09 | 76.99 | NOTE | |
r-release-linux-x86_64 | 0.3.0 | 7.40 | 68.07 | 75.47 | NOTE | |
r-release-macos-arm64 | 0.3.0 | 32.00 | NOTE | |||
r-release-macos-x86_64 | 0.3.0 | 62.00 | NOTE | |||
r-release-windows-x86_64 | 0.3.0 | 24.00 | 107.00 | 131.00 | NOTE | |
r-oldrel-macos-arm64 | 0.3.0 | 285.00 | NOTE | |||
r-oldrel-macos-x86_64 | 0.3.0 | 57.00 | NOTE | |||
r-oldrel-windows-ix86+x86_64 | 0.3.0 | 31.00 | 94.00 | 125.00 | NOTE |
Version: 0.3.0
Check: LazyData
Result: NOTE
'LazyData' is specified without a 'data' directory
Flavors: r-devel-linux-x86_64-debian-clang, r-devel-linux-x86_64-debian-gcc, r-devel-linux-x86_64-fedora-clang, r-devel-linux-x86_64-fedora-gcc, r-devel-windows-x86_64, r-patched-linux-x86_64, r-release-linux-x86_64, r-release-macos-arm64, r-release-macos-x86_64, r-release-windows-x86_64, r-oldrel-macos-arm64, r-oldrel-macos-x86_64, r-oldrel-windows-ix86+x86_64