Last updated on 2022-08-15 08:49:52 CEST.
Flavor | Version | Tinstall | Tcheck | Ttotal | Status | Flags |
---|---|---|---|---|---|---|
r-devel-linux-x86_64-debian-clang | 1.0 | 13.61 | 106.46 | 120.07 | NOTE | |
r-devel-linux-x86_64-debian-gcc | 1.0 | 8.86 | 81.89 | 90.75 | NOTE | |
r-devel-linux-x86_64-fedora-clang | 1.0 | 152.64 | NOTE | |||
r-devel-linux-x86_64-fedora-gcc | 1.0 | 161.28 | NOTE | |||
r-devel-windows-x86_64 | 1.0 | 29.00 | 126.00 | 155.00 | NOTE | |
r-patched-linux-x86_64 | 1.0 | 21.27 | 104.25 | 125.52 | OK | |
r-release-linux-x86_64 | 1.0 | 13.29 | 101.71 | 115.00 | OK | |
r-release-macos-arm64 | 1.0 | 44.00 | OK | |||
r-release-macos-x86_64 | 1.0 | 71.00 | OK | |||
r-release-windows-x86_64 | 1.0 | 22.00 | 131.00 | 153.00 | OK | |
r-oldrel-macos-arm64 | 1.0 | 44.00 | OK | |||
r-oldrel-macos-x86_64 | 1.0 | 58.00 | OK | |||
r-oldrel-windows-ix86+x86_64 | 1.0 | 26.00 | 119.00 | 145.00 | OK |
Version: 1.0
Check: Rd files
Result: NOTE
checkRd: (-1) deleteZeroComponents.Rd:70: Escaped LaTeX specials: \& \&
Flavors: r-devel-linux-x86_64-debian-clang, r-devel-linux-x86_64-debian-gcc, r-devel-linux-x86_64-fedora-clang, r-devel-linux-x86_64-fedora-gcc, r-devel-windows-x86_64