Last updated on 2022-08-15 08:49:53 CEST.
Flavor | Version | Tinstall | Tcheck | Ttotal | Status | Flags |
---|---|---|---|---|---|---|
r-devel-linux-x86_64-debian-clang | 0.4.0 | 18.78 | 173.43 | 192.21 | OK | |
r-devel-linux-x86_64-debian-gcc | 0.4.0 | 14.55 | 129.02 | 143.57 | OK | |
r-devel-linux-x86_64-fedora-clang | 0.4.0 | 235.97 | NOTE | |||
r-devel-linux-x86_64-fedora-gcc | 0.4.0 | 237.42 | NOTE | |||
r-devel-windows-x86_64 | 0.4.0 | 104.00 | 192.00 | 296.00 | OK | |
r-patched-linux-x86_64 | 0.4.0 | 25.00 | 159.84 | 184.84 | OK | |
r-release-linux-x86_64 | 0.4.0 | 22.07 | 162.31 | 184.38 | OK | |
r-release-macos-arm64 | 0.4.0 | 60.00 | NOTE | |||
r-release-macos-x86_64 | 0.4.0 | 82.00 | NOTE | |||
r-release-windows-x86_64 | 0.4.0 | 87.00 | 196.00 | 283.00 | OK | |
r-oldrel-macos-arm64 | 0.4.0 | 71.00 | NOTE | |||
r-oldrel-macos-x86_64 | 0.4.0 | 114.00 | NOTE | |||
r-oldrel-windows-ix86+x86_64 | 0.4.0 | 32.00 | 190.00 | 222.00 | OK |
Version: 0.4.0
Check: package dependencies
Result: NOTE
Imports includes 21 non-default packages.
Importing from so many packages makes the package vulnerable to any of
them becoming unavailable. Move as many as possible to Suggests and
use conditionally.
Flavor: r-devel-linux-x86_64-fedora-clang
Version: 0.4.0
Check: dependencies in R code
Result: NOTE
Namespace in Imports field not imported from: ‘Rdpack’
All declared Imports should be used.
Flavors: r-devel-linux-x86_64-fedora-clang, r-devel-linux-x86_64-fedora-gcc, r-release-macos-arm64, r-release-macos-x86_64, r-oldrel-macos-arm64, r-oldrel-macos-x86_64