Last updated on 2022-08-15 08:49:52 CEST.
Flavor | Version | Tinstall | Tcheck | Ttotal | Status | Flags |
---|---|---|---|---|---|---|
r-devel-linux-x86_64-debian-clang | 1.3 | 5.45 | 157.64 | 163.09 | OK | |
r-devel-linux-x86_64-debian-gcc | 1.3 | 4.09 | 110.73 | 114.82 | OK | |
r-devel-linux-x86_64-fedora-clang | 1.3 | 198.70 | NOTE | |||
r-devel-linux-x86_64-fedora-gcc | 1.3 | 202.32 | OK | |||
r-devel-windows-x86_64 | 1.3 | 23.00 | 175.00 | 198.00 | NOTE | |
r-patched-linux-x86_64 | 1.3 | 5.51 | 149.65 | 155.16 | OK | |
r-release-linux-x86_64 | 1.3 | 5.41 | 149.99 | 155.40 | OK | |
r-release-macos-arm64 | 1.3 | 61.00 | NOTE | |||
r-release-macos-x86_64 | 1.3 | 83.00 | NOTE | |||
r-release-windows-x86_64 | 1.3 | 30.00 | 177.00 | 207.00 | NOTE | |
r-oldrel-macos-arm64 | 1.3 | 62.00 | NOTE | |||
r-oldrel-macos-x86_64 | 1.3 | 82.00 | NOTE | |||
r-oldrel-windows-ix86+x86_64 | 1.3 | 10.00 | 182.00 | 192.00 | NOTE |
Version: 1.3
Check: installed package size
Result: NOTE
installed size is 5.9Mb
sub-directories of 1Mb or more:
doc 5.7Mb
Flavors: r-devel-linux-x86_64-fedora-clang, r-devel-windows-x86_64, r-release-macos-arm64, r-release-macos-x86_64, r-release-windows-x86_64, r-oldrel-macos-arm64, r-oldrel-macos-x86_64, r-oldrel-windows-ix86+x86_64