Last updated on 2022-08-15 08:49:52 CEST.
Flavor | Version | Tinstall | Tcheck | Ttotal | Status | Flags |
---|---|---|---|---|---|---|
r-devel-linux-x86_64-debian-clang | 0.5.0 | 6.97 | 76.21 | 83.18 | OK | |
r-devel-linux-x86_64-debian-gcc | 0.5.0 | 5.43 | 56.48 | 61.91 | OK | |
r-devel-linux-x86_64-fedora-clang | 0.5.0 | 110.15 | NOTE | |||
r-devel-linux-x86_64-fedora-gcc | 0.5.0 | 109.86 | NOTE | |||
r-devel-windows-x86_64 | 0.5.0 | 27.00 | 118.00 | 145.00 | OK | |
r-patched-linux-x86_64 | 0.5.0 | 7.26 | 74.08 | 81.34 | OK | |
r-release-linux-x86_64 | 0.5.0 | 4.81 | 71.94 | 76.75 | OK | |
r-release-macos-arm64 | 0.5.0 | 45.00 | NOTE | |||
r-release-macos-x86_64 | 0.5.0 | 69.00 | NOTE | |||
r-release-windows-x86_64 | 0.5.0 | 50.00 | 119.00 | 169.00 | OK | |
r-oldrel-macos-arm64 | 0.5.0 | 39.00 | NOTE | |||
r-oldrel-macos-x86_64 | 0.5.0 | 54.00 | NOTE | |||
r-oldrel-windows-ix86+x86_64 | 0.5.0 | 16.00 | 108.00 | 124.00 | OK |
Version: 0.5.0
Check: data for non-ASCII characters
Result: NOTE
Note: found 23 marked UTF-8 strings
Flavors: r-devel-linux-x86_64-fedora-clang, r-devel-linux-x86_64-fedora-gcc, r-release-macos-arm64, r-release-macos-x86_64, r-oldrel-macos-arm64, r-oldrel-macos-x86_64