Last updated on 2022-08-15 08:49:52 CEST.
Flavor | Version | Tinstall | Tcheck | Ttotal | Status | Flags |
---|---|---|---|---|---|---|
r-devel-linux-x86_64-debian-clang | 1.37.4 | 2.78 | 51.09 | 53.87 | OK | |
r-devel-linux-x86_64-debian-gcc | 1.37.4 | 1.88 | 39.42 | 41.30 | OK | |
r-devel-linux-x86_64-fedora-clang | 1.37.4 | 63.93 | OK | |||
r-devel-linux-x86_64-fedora-gcc | 1.37.4 | 63.59 | OK | |||
r-devel-windows-x86_64 | 1.37.4 | 83.00 | 145.00 | 228.00 | OK | |
r-patched-linux-x86_64 | 1.37.4 | 3.46 | 51.05 | 54.51 | OK | |
r-release-linux-x86_64 | 1.37.4 | 3.52 | 48.73 | 52.25 | OK | |
r-release-macos-arm64 | 1.37.4 | 173.00 | NOTE | |||
r-release-macos-x86_64 | 1.37.4 | 174.00 | OK | |||
r-release-windows-x86_64 | 1.37.4 | 61.00 | 146.00 | 207.00 | OK | |
r-oldrel-macos-arm64 | 1.37.4 | 151.00 | OK | |||
r-oldrel-macos-x86_64 | 1.37.4 | 191.00 | OK | |||
r-oldrel-windows-ix86+x86_64 | 1.37.4 | 7.00 | 141.00 | 148.00 | OK |
Version: 1.37.4
Check: package dependencies
Result: NOTE
Package suggested but not available for checking: ‘limma’
Flavor: r-release-macos-arm64