Last updated on 2022-08-15 08:49:52 CEST.
Flavor | Version | Tinstall | Tcheck | Ttotal | Status | Flags |
---|---|---|---|---|---|---|
r-devel-linux-x86_64-debian-clang | 0.14.0 | 16.01 | 148.23 | 164.24 | OK | |
r-devel-linux-x86_64-debian-gcc | 0.14.0 | 13.42 | 112.98 | 126.40 | OK | |
r-devel-linux-x86_64-fedora-clang | 0.14.0 | 204.96 | NOTE | |||
r-devel-linux-x86_64-fedora-gcc | 0.14.0 | 215.62 | NOTE | |||
r-devel-windows-x86_64 | 0.14.0 | 24.00 | 160.00 | 184.00 | OK | |
r-patched-linux-x86_64 | 0.14.0 | 20.32 | 140.77 | 161.09 | OK | |
r-release-linux-x86_64 | 0.14.0 | 13.19 | 141.25 | 154.44 | OK | |
r-release-macos-arm64 | 0.14.0 | 52.00 | NOTE | |||
r-release-macos-x86_64 | 0.14.0 | 101.00 | NOTE | |||
r-release-windows-x86_64 | 0.14.0 | 30.00 | 161.00 | 191.00 | OK | |
r-oldrel-macos-arm64 | 0.14.0 | 63.00 | NOTE | |||
r-oldrel-macos-x86_64 | 0.14.0 | 81.00 | NOTE | |||
r-oldrel-windows-ix86+x86_64 | 0.14.0 | 35.00 | 157.00 | 192.00 | OK |
Version: 0.14.0
Check: data for non-ASCII characters
Result: NOTE
Note: found 59 marked UTF-8 strings
Flavors: r-devel-linux-x86_64-fedora-clang, r-devel-linux-x86_64-fedora-gcc, r-release-macos-arm64, r-release-macos-x86_64, r-oldrel-macos-arm64, r-oldrel-macos-x86_64