Last updated on 2022-08-15 08:49:52 CEST.
Flavor | Version | Tinstall | Tcheck | Ttotal | Status | Flags |
---|---|---|---|---|---|---|
r-devel-linux-x86_64-debian-clang | 3.0-5 | 3.60 | 24.85 | 28.45 | NOTE | |
r-devel-linux-x86_64-debian-gcc | 3.0-5 | 3.14 | 19.76 | 22.90 | NOTE | |
r-devel-linux-x86_64-fedora-clang | 3.0-5 | 47.00 | NOTE | |||
r-devel-linux-x86_64-fedora-gcc | 3.0-5 | 44.46 | NOTE | |||
r-devel-windows-x86_64 | 3.0-5 | 33.00 | 52.00 | 85.00 | NOTE | |
r-patched-linux-x86_64 | 3.0-5 | 4.72 | 23.84 | 28.56 | OK | |
r-release-linux-x86_64 | 3.0-5 | 3.55 | 22.91 | 26.46 | OK | |
r-release-macos-arm64 | 3.0-5 | 16.00 | OK | |||
r-release-macos-x86_64 | 3.0-5 | 21.00 | OK | |||
r-release-windows-x86_64 | 3.0-5 | 61.00 | 50.00 | 111.00 | OK | |
r-oldrel-macos-arm64 | 3.0-5 | 26.00 | OK | |||
r-oldrel-macos-x86_64 | 3.0-5 | 22.00 | OK | |||
r-oldrel-windows-ix86+x86_64 | 3.0-5 | 20.00 | 39.00 | 59.00 | OK |
Version: 3.0-5
Check: Rd files
Result: NOTE
checkRd: (-1) States.Rd:48: Escaped LaTeX specials: \$
Flavors: r-devel-linux-x86_64-debian-clang, r-devel-linux-x86_64-debian-gcc, r-devel-linux-x86_64-fedora-clang, r-devel-linux-x86_64-fedora-gcc, r-devel-windows-x86_64