Last updated on 2022-08-15 08:49:52 CEST.
Flavor | Version | Tinstall | Tcheck | Ttotal | Status | Flags |
---|---|---|---|---|---|---|
r-devel-linux-x86_64-debian-clang | 0.5.0 | 4.97 | 49.50 | 54.47 | NOTE | |
r-devel-linux-x86_64-debian-gcc | 0.5.0 | 3.84 | 36.74 | 40.58 | NOTE | |
r-devel-linux-x86_64-fedora-clang | 0.5.0 | 75.73 | NOTE | |||
r-devel-linux-x86_64-fedora-gcc | 0.5.0 | 78.03 | NOTE | |||
r-devel-windows-x86_64 | 0.5.0 | 10.00 | 68.00 | 78.00 | NOTE | |
r-patched-linux-x86_64 | 0.5.0 | 4.47 | 47.58 | 52.05 | NOTE | |
r-release-linux-x86_64 | 0.5.0 | 3.76 | 46.04 | 49.80 | NOTE | |
r-release-macos-arm64 | 0.5.0 | 24.00 | NOTE | |||
r-release-macos-x86_64 | 0.5.0 | 42.00 | NOTE | |||
r-release-windows-x86_64 | 0.5.0 | 13.00 | 68.00 | 81.00 | NOTE | |
r-oldrel-macos-arm64 | 0.5.0 | 27.00 | NOTE | |||
r-oldrel-macos-x86_64 | 0.5.0 | 37.00 | NOTE | |||
r-oldrel-windows-ix86+x86_64 | 0.5.0 | 13.00 | 60.00 | 73.00 | NOTE |
Version: 0.5.0
Check: LazyData
Result: NOTE
'LazyData' is specified without a 'data' directory
Flavors: r-devel-linux-x86_64-debian-clang, r-devel-linux-x86_64-debian-gcc, r-devel-linux-x86_64-fedora-clang, r-devel-linux-x86_64-fedora-gcc, r-devel-windows-x86_64, r-patched-linux-x86_64, r-release-linux-x86_64, r-release-macos-arm64, r-release-macos-x86_64, r-release-windows-x86_64, r-oldrel-macos-arm64, r-oldrel-macos-x86_64, r-oldrel-windows-ix86+x86_64