Last updated on 2022-08-15 08:49:52 CEST.
Flavor | Version | Tinstall | Tcheck | Ttotal | Status | Flags |
---|---|---|---|---|---|---|
r-devel-linux-x86_64-debian-clang | 1.1.2 | 3.80 | 65.00 | 68.80 | OK | |
r-devel-linux-x86_64-debian-gcc | 1.1.2 | 2.74 | 49.34 | 52.08 | OK | |
r-devel-linux-x86_64-fedora-clang | 1.1.2 | 95.19 | NOTE | |||
r-devel-linux-x86_64-fedora-gcc | 1.1.2 | 92.72 | NOTE | |||
r-devel-windows-x86_64 | 1.1.2 | 34.00 | 90.00 | 124.00 | OK | |
r-patched-linux-x86_64 | 1.1.2 | 3.95 | 62.77 | 66.72 | OK | |
r-release-linux-x86_64 | 1.1.2 | 2.18 | 61.23 | 63.41 | OK | |
r-release-macos-arm64 | 1.1.2 | 31.00 | NOTE | |||
r-release-macos-x86_64 | 1.1.2 | 47.00 | NOTE | |||
r-release-windows-x86_64 | 1.1.2 | 42.00 | 94.00 | 136.00 | OK | |
r-oldrel-macos-arm64 | 1.1.2 | 36.00 | NOTE | |||
r-oldrel-macos-x86_64 | 1.1.2 | 53.00 | NOTE | |||
r-oldrel-windows-ix86+x86_64 | 1.1.2 | 10.00 | 83.00 | 93.00 | OK |
Version: 1.1.2
Check: dependencies in R code
Result: NOTE
Namespace in Imports field not imported from: ‘tidyverse’
All declared Imports should be used.
Flavors: r-devel-linux-x86_64-fedora-clang, r-devel-linux-x86_64-fedora-gcc, r-release-macos-arm64, r-release-macos-x86_64, r-oldrel-macos-arm64, r-oldrel-macos-x86_64