Last updated on 2022-08-15 08:49:52 CEST.
Flavor | Version | Tinstall | Tcheck | Ttotal | Status | Flags |
---|---|---|---|---|---|---|
r-devel-linux-x86_64-debian-clang | 0.2.3 | 44.42 | 202.27 | 246.69 | OK | |
r-devel-linux-x86_64-debian-gcc | 0.2.3 | 41.13 | 141.60 | 182.73 | OK | |
r-devel-linux-x86_64-fedora-clang | 0.2.3 | 312.74 | OK | |||
r-devel-linux-x86_64-fedora-gcc | 0.2.3 | 320.61 | OK | |||
r-devel-windows-x86_64 | 0.2.3 | 51.00 | 225.00 | 276.00 | OK | |
r-patched-linux-x86_64 | 0.2.3 | 33.62 | 187.13 | 220.75 | OK | |
r-release-linux-x86_64 | 0.2.3 | 32.75 | 184.33 | 217.08 | OK | |
r-release-macos-arm64 | 0.2.3 | 85.00 | NOTE | |||
r-release-macos-x86_64 | 0.2.3 | 169.00 | NOTE | |||
r-release-windows-x86_64 | 0.2.3 | 48.00 | 234.00 | 282.00 | OK | |
r-oldrel-macos-arm64 | 0.2.3 | 105.00 | NOTE | |||
r-oldrel-macos-x86_64 | 0.2.3 | 132.00 | NOTE | |||
r-oldrel-windows-ix86+x86_64 | 0.2.3 | 116.00 | 268.00 | 384.00 | OK |
Version: 0.2.3
Check: installed package size
Result: NOTE
installed size is 6.4Mb
sub-directories of 1Mb or more:
libs 6.2Mb
Flavors: r-release-macos-arm64, r-release-macos-x86_64, r-oldrel-macos-arm64, r-oldrel-macos-x86_64