Last updated on 2022-08-15 08:49:52 CEST.
Flavor | Version | Tinstall | Tcheck | Ttotal | Status | Flags |
---|---|---|---|---|---|---|
r-devel-linux-x86_64-debian-clang | 0.0.1 | 15.55 | 130.02 | 145.57 | OK | |
r-devel-linux-x86_64-debian-gcc | 0.0.1 | 12.38 | 93.75 | 106.13 | OK | |
r-devel-linux-x86_64-fedora-clang | 0.0.1 | 181.42 | NOTE | |||
r-devel-linux-x86_64-fedora-gcc | 0.0.1 | 175.06 | NOTE | |||
r-devel-windows-x86_64 | 0.0.1 | 35.00 | 134.00 | 169.00 | OK | |
r-patched-linux-x86_64 | 0.0.1 | 10.37 | 125.13 | 135.50 | OK | |
r-release-linux-x86_64 | 0.0.1 | 10.08 | 122.86 | 132.94 | OK | |
r-release-macos-arm64 | 0.0.1 | 43.00 | NOTE | |||
r-release-macos-x86_64 | 0.0.1 | 94.00 | NOTE | |||
r-release-windows-x86_64 | 0.0.1 | 30.00 | 141.00 | 171.00 | OK | |
r-oldrel-macos-arm64 | 0.0.1 | 41.00 | NOTE | |||
r-oldrel-macos-x86_64 | 0.0.1 | 58.00 | NOTE | |||
r-oldrel-windows-ix86+x86_64 | 0.0.1 | 32.00 | 134.00 | 166.00 | OK |
Version: 0.0.1
Check: dependencies in R code
Result: NOTE
Namespaces in Imports field not imported from:
‘CBPS’ ‘spelling’
All declared Imports should be used.
Flavors: r-devel-linux-x86_64-fedora-clang, r-devel-linux-x86_64-fedora-gcc, r-release-macos-arm64, r-release-macos-x86_64, r-oldrel-macos-arm64, r-oldrel-macos-x86_64