Last updated on 2022-08-15 08:49:52 CEST.
Flavor | Version | Tinstall | Tcheck | Ttotal | Status | Flags |
---|---|---|---|---|---|---|
r-devel-linux-x86_64-debian-clang | 1.2.4 | 10.86 | 99.41 | 110.27 | ERROR | |
r-devel-linux-x86_64-debian-gcc | 1.2.4 | 8.31 | 73.33 | 81.64 | ERROR | |
r-devel-linux-x86_64-fedora-clang | 1.2.4 | 141.83 | ERROR | |||
r-devel-linux-x86_64-fedora-gcc | 1.2.4 | 145.07 | ERROR | |||
r-devel-windows-x86_64 | 1.2.4 | 25.00 | 110.00 | 135.00 | ERROR | |
r-patched-linux-x86_64 | 1.2.4 | 11.91 | 85.38 | 97.29 | OK | |
r-release-linux-x86_64 | 1.2.4 | 7.00 | 82.85 | 89.85 | OK | |
r-release-macos-arm64 | 1.2.4 | 36.00 | OK | |||
r-release-macos-x86_64 | 1.2.4 | 56.00 | OK | |||
r-release-windows-x86_64 | 1.2.4 | 27.00 | 103.00 | 130.00 | OK | |
r-oldrel-macos-arm64 | 1.2.4 | 35.00 | OK | |||
r-oldrel-macos-x86_64 | 1.2.4 | 49.00 | OK | |||
r-oldrel-windows-ix86+x86_64 | 1.2.4 | 27.00 | 109.00 | 136.00 | OK |
Version: 1.2.4
Check: Rd files
Result: NOTE
checkRd: (-1) causalPAFplot.Rd:47: Escaped LaTeX specials: \$ \$
checkRd: (-1) eval_make_formula.Rd:14: Escaped LaTeX specials: \$ \$
checkRd: (-1) pointEstimate.Rd:43: Escaped LaTeX specials: \$ \$
checkRd: (-1) sim_outnode.Rd:20: Escaped LaTeX specials: \$ \$
checkRd: (-1) sim_outnode_2.Rd:26: Escaped LaTeX specials: \$ \$
Flavors: r-devel-linux-x86_64-debian-clang, r-devel-linux-x86_64-debian-gcc, r-devel-linux-x86_64-fedora-clang, r-devel-linux-x86_64-fedora-gcc, r-devel-windows-x86_64
Version: 1.2.4
Check: PDF version of manual
Result: WARN
LaTeX errors when creating PDF version.
This typically indicates Rd problems.
LaTeX errors found:
! LaTeX Error: Unicode character â<c2><88><c2><92> (U+2212)
not set up for use with LaTeX.
See the LaTeX manual or LaTeX Companion for explanation.
Type H <return> for immediate help.
! LaTeX Error: Unicode character â<c2><88><c2><92> (U+2212)
not set up for use with LaTeX.
See the LaTeX manual or LaTeX Companion for explanation.
Type H <return> for immediate help.
Flavor: r-devel-linux-x86_64-debian-clang
Version: 1.2.4
Check: PDF version of manual without index
Result: ERROR
Flavors: r-devel-linux-x86_64-debian-clang, r-devel-linux-x86_64-debian-gcc, r-devel-linux-x86_64-fedora-clang, r-devel-linux-x86_64-fedora-gcc, r-devel-windows-x86_64
Version: 1.2.4
Check: for non-standard things in the check directory
Result: NOTE
Found the following files/directories:
'causalPAF-manual.tex'
Flavors: r-devel-linux-x86_64-debian-clang, r-devel-linux-x86_64-debian-gcc, r-devel-linux-x86_64-fedora-clang, r-devel-linux-x86_64-fedora-gcc
Version: 1.2.4
Check: PDF version of manual
Result: WARN
LaTeX errors when creating PDF version.
This typically indicates Rd problems.
LaTeX errors found:
! LaTeX Error: Unicode character − (U+2212)
not set up for use with LaTeX.
See the LaTeX manual or LaTeX Companion for explanation.
Type H <return> for immediate help.
! LaTeX Error: Unicode character − (U+2212)
not set up for use with LaTeX.
See the LaTeX manual or LaTeX Companion for explanation.
Type H <return> for immediate help.
Flavors: r-devel-linux-x86_64-debian-gcc, r-devel-linux-x86_64-fedora-clang, r-devel-linux-x86_64-fedora-gcc
Version: 1.2.4
Check: PDF version of manual
Result: WARN
LaTeX errors when creating PDF version.
This typically indicates Rd problems.
LaTeX errors found:
! Package inputenc Error: Unicode character − (U+2212)
(inputenc) not set up for use with LaTeX.
See the inputenc package documentation for explanation.
Type H <return> for immediate help.
! Package inputenc Error: Unicode character − (U+2212)
(inputenc) not set up for use with LaTeX.
See the inputenc package documentation for explanation.
Type H <return> for immediate help.
Flavor: r-devel-windows-x86_64