Last updated on 2022-08-15 08:49:52 CEST.
Flavor | Version | Tinstall | Tcheck | Ttotal | Status | Flags |
---|---|---|---|---|---|---|
r-devel-linux-x86_64-debian-clang | 0.1.3 | 7.85 | 43.55 | 51.40 | OK | |
r-devel-linux-x86_64-debian-gcc | 0.1.3 | 6.57 | 33.67 | 40.24 | OK | |
r-devel-linux-x86_64-fedora-clang | 0.1.3 | 73.57 | NOTE | |||
r-devel-linux-x86_64-fedora-gcc | 0.1.3 | 72.94 | NOTE | |||
r-devel-windows-x86_64 | 0.1.3 | 44.00 | 65.00 | 109.00 | OK | |
r-patched-linux-x86_64 | 0.1.3 | 8.53 | 42.91 | 51.44 | OK | |
r-release-linux-x86_64 | 0.1.3 | 8.77 | 40.51 | 49.28 | OK | |
r-release-macos-arm64 | 0.1.3 | 19.00 | NOTE | |||
r-release-macos-x86_64 | 0.1.3 | 32.00 | NOTE | |||
r-release-windows-x86_64 | 0.1.3 | 27.00 | 67.00 | 94.00 | OK | |
r-oldrel-macos-arm64 | 0.1.3 | 119.00 | NOTE | |||
r-oldrel-macos-x86_64 | 0.1.3 | 35.00 | NOTE | |||
r-oldrel-windows-ix86+x86_64 | 0.1.3 | 16.00 | 55.00 | 71.00 | OK |
Version: 0.1.3
Check: data for non-ASCII characters
Result: NOTE
Note: found 32 marked UTF-8 strings
Flavors: r-devel-linux-x86_64-fedora-clang, r-devel-linux-x86_64-fedora-gcc, r-release-macos-arm64, r-release-macos-x86_64, r-oldrel-macos-arm64, r-oldrel-macos-x86_64