Last updated on 2022-08-15 08:49:52 CEST.
Flavor | Version | Tinstall | Tcheck | Ttotal | Status | Flags |
---|---|---|---|---|---|---|
r-devel-linux-x86_64-debian-clang | 0.2.0.2 | 1635.33 | 188.09 | 1823.42 | NOTE | |
r-devel-linux-x86_64-debian-gcc | 0.2.0.2 | 1530.73 | 206.69 | 1737.42 | NOTE | |
r-devel-linux-x86_64-fedora-clang | 0.2.0.2 | 2260.06 | NOTE | |||
r-devel-linux-x86_64-fedora-gcc | 0.2.0.2 | 2949.14 | NOTE | |||
r-devel-windows-x86_64 | 0.2.0.2 | 1702.00 | 319.00 | 2021.00 | NOTE | |
r-patched-linux-x86_64 | 0.2.0.2 | 1276.91 | 266.08 | 1542.99 | NOTE | |
r-release-linux-x86_64 | 0.2.0.2 | 1213.70 | 271.73 | 1485.43 | NOTE | |
r-release-macos-arm64 | 0.2.0.2 | 588.00 | NOTE | |||
r-release-macos-x86_64 | 0.2.0.2 | 1071.00 | NOTE | |||
r-release-windows-x86_64 | 0.2.0.2 | 1456.00 | 315.00 | 1771.00 | NOTE | |
r-oldrel-macos-arm64 | 0.2.0.2 | 712.00 | NOTE | |||
r-oldrel-macos-x86_64 | 0.2.0.2 | 1255.00 | NOTE | |||
r-oldrel-windows-ix86+x86_64 | 0.2.0.2 | 3680.00 | 415.00 | 4095.00 | NOTE |
Version: 0.2.0.2
Check: LazyData
Result: NOTE
'LazyData' is specified without a 'data' directory
Flavors: r-devel-linux-x86_64-debian-clang, r-devel-linux-x86_64-debian-gcc, r-devel-linux-x86_64-fedora-clang, r-devel-linux-x86_64-fedora-gcc, r-devel-windows-x86_64, r-patched-linux-x86_64, r-release-linux-x86_64, r-release-macos-arm64, r-release-macos-x86_64, r-release-windows-x86_64, r-oldrel-macos-arm64, r-oldrel-macos-x86_64, r-oldrel-windows-ix86+x86_64
Version: 0.2.0.2
Check: for GNU extensions in Makefiles
Result: NOTE
GNU make is a SystemRequirements.
Flavors: r-devel-linux-x86_64-debian-clang, r-devel-linux-x86_64-debian-gcc, r-devel-linux-x86_64-fedora-clang, r-devel-linux-x86_64-fedora-gcc, r-devel-windows-x86_64, r-patched-linux-x86_64, r-release-linux-x86_64, r-release-macos-arm64, r-release-macos-x86_64, r-release-windows-x86_64, r-oldrel-macos-arm64, r-oldrel-macos-x86_64, r-oldrel-windows-ix86+x86_64
Version: 0.2.0.2
Check: installed package size
Result: NOTE
installed size is 15.1Mb
sub-directories of 1Mb or more:
libs 14.7Mb
Flavors: r-devel-linux-x86_64-fedora-clang, r-devel-windows-x86_64, r-release-macos-arm64, r-release-macos-x86_64, r-release-windows-x86_64, r-oldrel-macos-arm64, r-oldrel-macos-x86_64, r-oldrel-windows-ix86+x86_64