Last updated on 2022-08-15 08:49:52 CEST.
Flavor | Version | Tinstall | Tcheck | Ttotal | Status | Flags |
---|---|---|---|---|---|---|
r-devel-linux-x86_64-debian-clang | 0.2-7 | 234.92 | 64.75 | 299.67 | OK | |
r-devel-linux-x86_64-debian-gcc | 0.2-7 | 198.75 | 48.46 | 247.21 | OK | |
r-devel-linux-x86_64-fedora-clang | 0.2-7 | 441.72 | OK | |||
r-devel-linux-x86_64-fedora-gcc | 0.2-7 | 412.65 | OK | |||
r-devel-windows-x86_64 | 0.2-7 | 186.00 | 115.00 | 301.00 | OK | |
r-patched-linux-x86_64 | 0.2-7 | 204.62 | 64.72 | 269.34 | OK | |
r-release-linux-x86_64 | 0.2-7 | 196.69 | 64.63 | 261.32 | OK | |
r-release-macos-arm64 | 0.2-7 | 94.00 | NOTE | |||
r-release-macos-x86_64 | 0.2-7 | 122.00 | NOTE | |||
r-release-windows-x86_64 | 0.2-7 | 172.00 | 121.00 | 293.00 | OK | |
r-oldrel-macos-arm64 | 0.2-7 | 105.00 | NOTE | |||
r-oldrel-macos-x86_64 | 0.2-7 | 211.00 | NOTE | |||
r-oldrel-windows-ix86+x86_64 | 0.2-7 | 525.00 | 140.00 | 665.00 | OK |
Version: 0.2-7
Check: installed package size
Result: NOTE
installed size is 17.0Mb
sub-directories of 1Mb or more:
libs 16.7Mb
Flavors: r-release-macos-arm64, r-release-macos-x86_64, r-oldrel-macos-arm64, r-oldrel-macos-x86_64