Last updated on 2022-08-15 08:49:52 CEST.
Flavor | Version | Tinstall | Tcheck | Ttotal | Status | Flags |
---|---|---|---|---|---|---|
r-devel-linux-x86_64-debian-clang | 0.2.6 | 4.45 | 101.70 | 106.15 | OK | |
r-devel-linux-x86_64-debian-gcc | 0.2.6 | 3.56 | 73.81 | 77.37 | OK | |
r-devel-linux-x86_64-fedora-clang | 0.2.6 | 134.21 | OK | |||
r-devel-linux-x86_64-fedora-gcc | 0.2.6 | 134.37 | OK | |||
r-devel-windows-x86_64 | 0.2.6 | 12.00 | 114.00 | 126.00 | OK | |
r-patched-linux-x86_64 | 0.2.6 | 5.05 | 95.48 | 100.53 | OK | |
r-release-linux-x86_64 | 0.2.6 | 3.93 | 97.97 | 101.90 | OK | |
r-release-macos-arm64 | 0.2.6 | 38.00 | OK | |||
r-release-macos-x86_64 | 0.2.6 | 7.00 | ERROR | |||
r-release-windows-x86_64 | 0.2.6 | 16.00 | 115.00 | 131.00 | OK | |
r-oldrel-macos-arm64 | 0.2.6 | 38.00 | OK | |||
r-oldrel-macos-x86_64 | 0.2.6 | 52.00 | OK | |||
r-oldrel-windows-ix86+x86_64 | 0.2.6 | 11.00 | 117.00 | 128.00 | OK |
Version: 0.2.6
Check: package dependencies
Result: ERROR
Package required but not available: ‘RcppAlgos’
See section ‘The DESCRIPTION file’ in the ‘Writing R Extensions’
manual.
Flavor: r-release-macos-x86_64