Last updated on 2022-08-15 08:49:52 CEST.
Flavor | Version | Tinstall | Tcheck | Ttotal | Status | Flags |
---|---|---|---|---|---|---|
r-devel-linux-x86_64-debian-clang | 1.0.0 | 5.80 | 58.80 | 64.60 | OK | |
r-devel-linux-x86_64-debian-gcc | 1.0.0 | 4.01 | 44.16 | 48.17 | OK | |
r-devel-linux-x86_64-fedora-clang | 1.0.0 | 89.24 | NOTE | |||
r-devel-linux-x86_64-fedora-gcc | 1.0.0 | 84.81 | NOTE | |||
r-devel-windows-x86_64 | 1.0.0 | 18.00 | 92.00 | 110.00 | OK | |
r-patched-linux-x86_64 | 1.0.0 | 4.46 | 55.21 | 59.67 | OK | |
r-release-linux-x86_64 | 1.0.0 | 5.95 | 55.13 | 61.08 | OK | |
r-release-macos-arm64 | 1.0.0 | 25.00 | NOTE | |||
r-release-macos-x86_64 | 1.0.0 | 51.00 | NOTE | |||
r-release-windows-x86_64 | 1.0.0 | 24.00 | 86.00 | 110.00 | OK | |
r-oldrel-macos-arm64 | 1.0.0 | 29.00 | NOTE | |||
r-oldrel-macos-x86_64 | 1.0.0 | 39.00 | NOTE | |||
r-oldrel-windows-ix86+x86_64 | 1.0.0 | 13.00 | 83.00 | 96.00 | OK |
Version: 1.0.0
Check: dependencies in R code
Result: NOTE
Namespaces in Imports field not imported from:
‘base’ ‘stats’ ‘tidyr’
All declared Imports should be used.
Flavors: r-devel-linux-x86_64-fedora-clang, r-devel-linux-x86_64-fedora-gcc, r-release-macos-arm64, r-release-macos-x86_64, r-oldrel-macos-arm64, r-oldrel-macos-x86_64