Last updated on 2022-08-15 08:49:52 CEST.
Flavor | Version | Tinstall | Tcheck | Ttotal | Status | Flags |
---|---|---|---|---|---|---|
r-devel-linux-x86_64-debian-clang | 2.0 | 5.96 | 76.85 | 82.81 | NOTE | |
r-devel-linux-x86_64-debian-gcc | 2.0 | 6.31 | 58.74 | 65.05 | NOTE | |
r-devel-linux-x86_64-fedora-clang | 2.0 | 113.15 | NOTE | |||
r-devel-linux-x86_64-fedora-gcc | 2.0 | 111.23 | NOTE | |||
r-devel-windows-x86_64 | 2.0 | 14.00 | 90.00 | 104.00 | NOTE | |
r-patched-linux-x86_64 | 2.0 | 9.50 | 73.27 | 82.77 | NOTE | |
r-release-linux-x86_64 | 2.0 | 8.23 | 72.92 | 81.15 | NOTE | |
r-release-macos-arm64 | 2.0 | 33.00 | NOTE | |||
r-release-macos-x86_64 | 2.0 | 47.00 | NOTE | |||
r-release-windows-x86_64 | 2.0 | 12.00 | 94.00 | 106.00 | NOTE | |
r-oldrel-macos-arm64 | 2.0 | 38.00 | NOTE | |||
r-oldrel-macos-x86_64 | 2.0 | 66.00 | NOTE | |||
r-oldrel-windows-ix86+x86_64 | 2.0 | 20.00 | 89.00 | 109.00 | NOTE |
Version: 2.0
Check: dependencies in R code
Result: NOTE
Unexported objects imported by ':::' calls:
'copula:::dCdu' 'copula:::fitCopStart'
See the note in ?`:::` about the use of this operator.
Flavors: r-devel-linux-x86_64-debian-clang, r-devel-linux-x86_64-debian-gcc, r-devel-linux-x86_64-fedora-clang, r-devel-linux-x86_64-fedora-gcc, r-devel-windows-x86_64, r-patched-linux-x86_64, r-release-linux-x86_64, r-release-macos-arm64, r-release-macos-x86_64, r-release-windows-x86_64, r-oldrel-macos-arm64, r-oldrel-macos-x86_64, r-oldrel-windows-ix86+x86_64