Last updated on 2022-08-15 08:49:52 CEST.
Flavor | Version | Tinstall | Tcheck | Ttotal | Status | Flags |
---|---|---|---|---|---|---|
r-devel-linux-x86_64-debian-clang | 1.2-1 | 7.37 | 61.61 | 68.98 | OK | |
r-devel-linux-x86_64-debian-gcc | 1.2-1 | 6.65 | 46.76 | 53.41 | OK | |
r-devel-linux-x86_64-fedora-clang | 1.2-1 | 93.31 | NOTE | |||
r-devel-linux-x86_64-fedora-gcc | 1.2-1 | 91.99 | OK | |||
r-devel-windows-x86_64 | 1.2-1 | 17.00 | 77.00 | 94.00 | OK | |
r-patched-linux-x86_64 | 1.2-1 | 5.28 | 59.66 | 64.94 | OK | |
r-release-linux-x86_64 | 1.2-1 | 7.99 | 59.41 | 67.40 | OK | |
r-release-macos-arm64 | 1.2-1 | 29.00 | OK | |||
r-release-macos-x86_64 | 1.2-1 | 41.00 | OK | |||
r-release-windows-x86_64 | 1.2-1 | 17.00 | 81.00 | 98.00 | OK | |
r-oldrel-macos-arm64 | 1.2-1 | 33.00 | OK | |||
r-oldrel-macos-x86_64 | 1.2-1 | 37.00 | OK | |||
r-oldrel-windows-ix86+x86_64 | 1.2-1 | 13.00 | 77.00 | 90.00 | OK |
Version: 1.2-1
Check: Rd cross-references
Result: NOTE
Undeclared package ‘vegan’ in Rd xrefs
Flavor: r-devel-linux-x86_64-fedora-clang