Last updated on 2022-08-15 08:49:52 CEST.
Flavor | Version | Tinstall | Tcheck | Ttotal | Status | Flags |
---|---|---|---|---|---|---|
r-devel-linux-x86_64-debian-clang | 1.0.0 | 2.93 | 33.76 | 36.69 | OK | |
r-devel-linux-x86_64-debian-gcc | 1.0.0 | 2.34 | 26.03 | 28.37 | OK | |
r-devel-linux-x86_64-fedora-clang | 1.0.0 | 55.57 | NOTE | |||
r-devel-linux-x86_64-fedora-gcc | 1.0.0 | 53.53 | NOTE | |||
r-devel-windows-x86_64 | 1.0.0 | 5.00 | 64.00 | 69.00 | OK | |
r-patched-linux-x86_64 | 1.0.0 | 2.94 | 33.14 | 36.08 | OK | |
r-release-linux-x86_64 | 1.0.0 | 2.20 | 32.44 | 34.64 | OK | |
r-release-macos-arm64 | 1.0.0 | 19.00 | NOTE | |||
r-release-macos-x86_64 | 1.0.0 | 35.00 | NOTE | |||
r-release-windows-x86_64 | 1.0.0 | 11.00 | 59.00 | 70.00 | OK | |
r-oldrel-macos-arm64 | 1.0.0 | 20.00 | NOTE | |||
r-oldrel-macos-x86_64 | 1.0.0 | 33.00 | NOTE | |||
r-oldrel-windows-ix86+x86_64 | 1.0.0 | 10.00 | 52.00 | 62.00 | OK |
Version: 1.0.0
Check: dependencies in R code
Result: NOTE
Namespace in Imports field not imported from: ‘lmtest’
All declared Imports should be used.
Flavors: r-devel-linux-x86_64-fedora-clang, r-devel-linux-x86_64-fedora-gcc, r-release-macos-arm64, r-release-macos-x86_64, r-oldrel-macos-arm64, r-oldrel-macos-x86_64