Last updated on 2022-08-15 08:49:52 CEST.
Flavor | Version | Tinstall | Tcheck | Ttotal | Status | Flags |
---|---|---|---|---|---|---|
r-devel-linux-x86_64-debian-clang | 0.4.2 | 5.91 | 71.14 | 77.05 | NOTE | |
r-devel-linux-x86_64-debian-gcc | 0.4.2 | 5.04 | 53.24 | 58.28 | NOTE | |
r-devel-linux-x86_64-fedora-clang | 0.4.2 | 101.87 | NOTE | |||
r-devel-linux-x86_64-fedora-gcc | 0.4.2 | 99.57 | NOTE | |||
r-devel-windows-x86_64 | 0.4.2 | 59.00 | 125.00 | 184.00 | NOTE | |
r-patched-linux-x86_64 | 0.4.2 | 6.08 | 66.69 | 72.77 | NOTE | |
r-release-linux-x86_64 | 0.4.2 | 5.63 | 65.31 | 70.94 | NOTE | |
r-release-macos-arm64 | 0.4.2 | 31.00 | NOTE | |||
r-release-macos-x86_64 | 0.4.2 | 66.00 | NOTE | |||
r-release-windows-x86_64 | 0.4.2 | 59.00 | 125.00 | 184.00 | NOTE | |
r-oldrel-macos-arm64 | 0.4.2 | 39.00 | NOTE | |||
r-oldrel-macos-x86_64 | 0.4.2 | 55.00 | NOTE | |||
r-oldrel-windows-ix86+x86_64 | 0.4.2 | 16.00 | 88.00 | 104.00 | NOTE |
Version: 0.4.2
Check: package subdirectories
Result: NOTE
Problems with news in 'NEWS.md':
Cannot extract version info from the following section titles:
Major refactoring of the code
Flavors: r-devel-linux-x86_64-debian-clang, r-devel-linux-x86_64-debian-gcc, r-devel-linux-x86_64-fedora-clang, r-devel-linux-x86_64-fedora-gcc, r-devel-windows-x86_64
Version: 0.4.2
Check: LazyData
Result: NOTE
'LazyData' is specified without a 'data' directory
Flavors: r-devel-linux-x86_64-debian-clang, r-devel-linux-x86_64-debian-gcc, r-devel-linux-x86_64-fedora-clang, r-devel-linux-x86_64-fedora-gcc, r-devel-windows-x86_64, r-patched-linux-x86_64, r-release-linux-x86_64, r-release-macos-arm64, r-release-macos-x86_64, r-release-windows-x86_64, r-oldrel-macos-arm64, r-oldrel-macos-x86_64, r-oldrel-windows-ix86+x86_64
Version: 0.4.2
Check: dependencies in R code
Result: NOTE
Namespace in Imports field not imported from: ‘knitr’
All declared Imports should be used.
Flavors: r-devel-linux-x86_64-fedora-clang, r-devel-linux-x86_64-fedora-gcc, r-release-macos-arm64, r-release-macos-x86_64, r-oldrel-macos-arm64, r-oldrel-macos-x86_64