Last updated on 2022-08-15 08:49:52 CEST.
Flavor | Version | Tinstall | Tcheck | Ttotal | Status | Flags |
---|---|---|---|---|---|---|
r-devel-linux-x86_64-debian-clang | 1.2.1 | 17.32 | 27.72 | 45.04 | NOTE | |
r-devel-linux-x86_64-debian-gcc | 1.2.1 | 15.59 | 21.67 | 37.26 | NOTE | |
r-devel-linux-x86_64-fedora-clang | 1.2.1 | 73.86 | NOTE | |||
r-devel-linux-x86_64-fedora-gcc | 1.2.1 | 67.45 | NOTE | |||
r-devel-windows-x86_64 | 1.2.1 | 23.00 | 67.00 | 90.00 | NOTE | |
r-patched-linux-x86_64 | 1.2.1 | 15.98 | 26.95 | 42.93 | NOTE | |
r-release-linux-x86_64 | 1.2.1 | 17.44 | 27.20 | 44.64 | NOTE | |
r-release-macos-arm64 | 1.2.1 | 21.00 | NOTE | |||
r-release-macos-x86_64 | 1.2.1 | 29.00 | NOTE | |||
r-release-windows-x86_64 | 1.2.1 | 19.00 | 72.00 | 91.00 | NOTE | |
r-oldrel-macos-arm64 | 1.2.1 | 36.00 | NOTE | |||
r-oldrel-macos-x86_64 | 1.2.1 | 38.00 | NOTE | |||
r-oldrel-windows-ix86+x86_64 | 1.2.1 | 49.00 | 89.00 | 138.00 | NOTE |
Version: 1.2.1
Check: DESCRIPTION meta-information
Result: NOTE
Malformed Title field: should not end in a period.
Flavors: r-devel-linux-x86_64-debian-clang, r-devel-linux-x86_64-debian-gcc, r-devel-linux-x86_64-fedora-clang, r-devel-linux-x86_64-fedora-gcc, r-devel-windows-x86_64, r-patched-linux-x86_64, r-release-linux-x86_64, r-release-macos-arm64, r-release-macos-x86_64, r-release-windows-x86_64, r-oldrel-macos-arm64, r-oldrel-macos-x86_64, r-oldrel-windows-ix86+x86_64
Version: 1.2.1
Check: compiled code
Result: NOTE
File ‘cgAUC/libs/cgAUC.so’:
Found no calls to: ‘R_registerRoutines’, ‘R_useDynamicSymbols’
It is good practice to register native routines and to disable symbol
search.
See ‘Writing portable packages’ in the ‘Writing R Extensions’ manual.
Flavors: r-devel-linux-x86_64-fedora-clang, r-devel-linux-x86_64-fedora-gcc