Last updated on 2022-08-15 08:49:52 CEST.
Flavor | Version | Tinstall | Tcheck | Ttotal | Status | Flags |
---|---|---|---|---|---|---|
r-devel-linux-x86_64-debian-clang | 0.1.0 | 5.29 | 57.62 | 62.91 | NOTE | |
r-devel-linux-x86_64-debian-gcc | 0.1.0 | 3.90 | 41.97 | 45.87 | NOTE | |
r-devel-linux-x86_64-fedora-clang | 0.1.0 | 84.72 | NOTE | |||
r-devel-linux-x86_64-fedora-gcc | 0.1.0 | 81.53 | NOTE | |||
r-devel-windows-x86_64 | 0.1.0 | 6.00 | 76.00 | 82.00 | NOTE | |
r-patched-linux-x86_64 | 0.1.0 | 4.54 | 54.04 | 58.58 | NOTE | |
r-release-linux-x86_64 | 0.1.0 | 4.25 | 53.80 | 58.05 | NOTE | |
r-release-macos-arm64 | 0.1.0 | 25.00 | NOTE | |||
r-release-macos-x86_64 | 0.1.0 | 45.00 | NOTE | |||
r-release-windows-x86_64 | 0.1.0 | 11.00 | 79.00 | 90.00 | NOTE | |
r-oldrel-macos-arm64 | 0.1.0 | 29.00 | NOTE | |||
r-oldrel-macos-x86_64 | 0.1.0 | 61.00 | NOTE | |||
r-oldrel-windows-ix86+x86_64 | 0.1.0 | 15.00 | 72.00 | 87.00 | NOTE |
Version: 0.1.0
Check: LazyData
Result: NOTE
'LazyData' is specified without a 'data' directory
Flavors: r-devel-linux-x86_64-debian-clang, r-devel-linux-x86_64-debian-gcc, r-devel-linux-x86_64-fedora-clang, r-devel-linux-x86_64-fedora-gcc, r-devel-windows-x86_64, r-patched-linux-x86_64, r-release-linux-x86_64, r-release-macos-arm64, r-release-macos-x86_64, r-release-windows-x86_64, r-oldrel-macos-arm64, r-oldrel-macos-x86_64, r-oldrel-windows-ix86+x86_64