Last updated on 2022-08-15 08:49:52 CEST.
Flavor | Version | Tinstall | Tcheck | Ttotal | Status | Flags |
---|---|---|---|---|---|---|
r-devel-linux-x86_64-debian-clang | 0.5.0 | 3.57 | 44.27 | 47.84 | NOTE | |
r-devel-linux-x86_64-debian-gcc | 0.5.0 | 3.45 | 33.76 | 37.21 | NOTE | |
r-devel-linux-x86_64-fedora-clang | 0.5.0 | 70.05 | NOTE | |||
r-devel-linux-x86_64-fedora-gcc | 0.5.0 | 65.97 | NOTE | |||
r-devel-windows-x86_64 | 0.5.0 | 39.00 | 78.00 | 117.00 | NOTE | |
r-patched-linux-x86_64 | 0.5.0 | 4.81 | 41.41 | 46.22 | NOTE | |
r-release-linux-x86_64 | 0.5.0 | 3.18 | 41.40 | 44.58 | NOTE | |
r-release-macos-arm64 | 0.5.0 | 20.00 | NOTE | |||
r-release-macos-x86_64 | 0.5.0 | 40.00 | NOTE | |||
r-release-windows-x86_64 | 0.5.0 | 39.00 | 76.00 | 115.00 | NOTE | |
r-oldrel-macos-arm64 | 0.5.0 | 29.00 | NOTE | |||
r-oldrel-macos-x86_64 | 0.5.0 | 53.00 | NOTE | |||
r-oldrel-windows-ix86+x86_64 | 0.5.0 | 8.00 | 68.00 | 76.00 | NOTE |
Version: 0.5.0
Check: LazyData
Result: NOTE
'LazyData' is specified without a 'data' directory
Flavors: r-devel-linux-x86_64-debian-clang, r-devel-linux-x86_64-debian-gcc, r-devel-linux-x86_64-fedora-clang, r-devel-linux-x86_64-fedora-gcc, r-devel-windows-x86_64, r-patched-linux-x86_64, r-release-linux-x86_64, r-release-macos-arm64, r-release-macos-x86_64, r-release-windows-x86_64, r-oldrel-macos-arm64, r-oldrel-macos-x86_64, r-oldrel-windows-ix86+x86_64