Last updated on 2022-08-15 08:49:52 CEST.
Flavor | Version | Tinstall | Tcheck | Ttotal | Status | Flags |
---|---|---|---|---|---|---|
r-devel-linux-x86_64-debian-clang | 0.1-636 | 1.76 | 4.01 | 5.77 | ERROR | |
r-devel-linux-x86_64-debian-gcc | 0.1-636 | 1.26 | 2.89 | 4.15 | ERROR | |
r-devel-linux-x86_64-fedora-clang | 0.1-636 | 232.05 | OK | |||
r-devel-linux-x86_64-fedora-gcc | 0.1-636 | 16.87 | ERROR | |||
r-devel-windows-x86_64 | 0.1-636 | 21.00 | 273.00 | 294.00 | OK | |
r-patched-linux-x86_64 | 0.1-636 | 13.16 | 153.31 | 166.47 | OK | |
r-release-linux-x86_64 | 0.1-636 | 13.54 | 152.28 | 165.82 | OK | |
r-release-macos-arm64 | 0.1-636 | 74.00 | OK | |||
r-release-macos-x86_64 | 0.1-636 | 106.00 | OK | |||
r-release-windows-x86_64 | 0.1-636 | 33.00 | 261.00 | 294.00 | OK | |
r-oldrel-macos-arm64 | 0.1-636 | 98.00 | OK | |||
r-oldrel-macos-x86_64 | 0.1-636 | 162.00 | OK | |||
r-oldrel-windows-ix86+x86_64 | 0.1-636 | 28.00 | 207.00 | 235.00 | OK |
Version: 0.1-636
Check: whether package can be installed
Result: ERROR
Installation failed.
Flavors: r-devel-linux-x86_64-debian-clang, r-devel-linux-x86_64-debian-gcc, r-devel-linux-x86_64-fedora-gcc