Last updated on 2022-08-15 08:49:52 CEST.
Flavor | Version | Tinstall | Tcheck | Ttotal | Status | Flags |
---|---|---|---|---|---|---|
r-devel-linux-x86_64-debian-clang | 0.6-14 | 6.77 | 71.14 | 77.91 | OK | |
r-devel-linux-x86_64-debian-gcc | 0.6-14 | 5.83 | 53.87 | 59.70 | OK | |
r-devel-linux-x86_64-fedora-clang | 0.6-14 | 104.67 | OK | |||
r-devel-linux-x86_64-fedora-gcc | 0.6-14 | 102.59 | OK | |||
r-devel-windows-x86_64 | 0.6-14 | 24.00 | 113.00 | 137.00 | OK | |
r-patched-linux-x86_64 | 0.6-14 | 7.28 | 68.23 | 75.51 | OK | |
r-release-linux-x86_64 | 0.6-14 | 6.79 | 68.61 | 75.40 | OK | |
r-release-macos-arm64 | 0.6-14 | 29.00 | NOTE | |||
r-release-macos-x86_64 | 0.6-14 | 45.00 | OK | |||
r-release-windows-x86_64 | 0.6-14 | 25.00 | 114.00 | 139.00 | OK | |
r-oldrel-macos-arm64 | 0.6-14 | 42.00 | OK | |||
r-oldrel-macos-x86_64 | 0.6-14 | 62.00 | OK | |||
r-oldrel-windows-ix86+x86_64 | 0.6-14 | 15.00 | 94.00 | 109.00 | OK |
Version: 0.6-14
Check: package dependencies
Result: NOTE
Package suggested but not available for checking: ‘multtest’
Flavor: r-release-macos-arm64