Last updated on 2022-08-15 08:49:52 CEST.
Flavor | Version | Tinstall | Tcheck | Ttotal | Status | Flags |
---|---|---|---|---|---|---|
r-devel-linux-x86_64-debian-clang | 0.8.0 | 8.46 | 64.46 | 72.92 | OK | |
r-devel-linux-x86_64-debian-gcc | 0.8.0 | 6.38 | 48.08 | 54.46 | OK | |
r-devel-linux-x86_64-fedora-clang | 0.8.0 | 97.27 | NOTE | |||
r-devel-linux-x86_64-fedora-gcc | 0.8.0 | 92.20 | NOTE | |||
r-devel-windows-x86_64 | 0.8.0 | 56.00 | 87.00 | 143.00 | OK | |
r-patched-linux-x86_64 | 0.8.0 | 7.26 | 59.78 | 67.04 | OK | |
r-release-linux-x86_64 | 0.8.0 | 6.94 | 59.98 | 66.92 | OK | |
r-release-macos-arm64 | 0.8.0 | 25.00 | NOTE | |||
r-release-macos-x86_64 | 0.8.0 | 49.00 | NOTE | |||
r-release-windows-x86_64 | 0.8.0 | 48.00 | 83.00 | 131.00 | OK | |
r-oldrel-macos-arm64 | 0.8.0 | 23.00 | NOTE | |||
r-oldrel-macos-x86_64 | 0.8.0 | 38.00 | NOTE | |||
r-oldrel-windows-ix86+x86_64 | 0.8.0 | 25.00 | 80.00 | 105.00 | ERROR |
Version: 0.8.0
Check: dependencies in R code
Result: NOTE
Namespace in Imports field not imported from: ‘gamlss.dist’
All declared Imports should be used.
Flavors: r-devel-linux-x86_64-fedora-clang, r-devel-linux-x86_64-fedora-gcc, r-release-macos-arm64, r-release-macos-x86_64, r-oldrel-macos-arm64, r-oldrel-macos-x86_64
Version: 0.8.0
Check: data for non-ASCII characters
Result: NOTE
Note: found 32 marked UTF-8 strings
Flavors: r-devel-linux-x86_64-fedora-clang, r-devel-linux-x86_64-fedora-gcc, r-release-macos-arm64, r-release-macos-x86_64, r-oldrel-macos-arm64, r-oldrel-macos-x86_64
Version: 0.8.0
Check: PDF version of manual
Result: WARN
LaTeX errors when creating PDF version.
This typically indicates Rd problems.
LaTeX errors found:
! Package inputenc Error: Unicode char  (U+FEFF)
(inputenc) not set up for use with LaTeX.
See the inputenc package documentation for explanation.
Type H <return> for immediate help.
! Package inputenc Error: Unicode char  (U+FEFF)
(inputenc) not set up for use with LaTeX.
See the inputenc package documentation for explanation.
Type H <return> for immediate help.
Flavor: r-oldrel-windows-ix86+x86_64
Version: 0.8.0
Check: PDF version of manual without hyperrefs or index
Result: ERROR
Flavor: r-oldrel-windows-ix86+x86_64