Last updated on 2022-08-15 08:49:52 CEST.
Flavor | Version | Tinstall | Tcheck | Ttotal | Status | Flags |
---|---|---|---|---|---|---|
r-devel-linux-x86_64-debian-clang | 1.1.1 | 6.08 | 60.01 | 66.09 | OK | |
r-devel-linux-x86_64-debian-gcc | 1.1.1 | 5.34 | 46.00 | 51.34 | OK | |
r-devel-linux-x86_64-fedora-clang | 1.1.1 | 89.44 | NOTE | |||
r-devel-linux-x86_64-fedora-gcc | 1.1.1 | 85.81 | OK | |||
r-devel-windows-x86_64 | 1.1.1 | 13.00 | 90.00 | 103.00 | NOTE | |
r-patched-linux-x86_64 | 1.1.1 | 6.49 | 56.28 | 62.77 | OK | |
r-release-linux-x86_64 | 1.1.1 | 5.78 | 57.17 | 62.95 | OK | |
r-release-macos-arm64 | 1.1.1 | 27.00 | NOTE | |||
r-release-macos-x86_64 | 1.1.1 | 54.00 | NOTE | |||
r-release-windows-x86_64 | 1.1.1 | 27.00 | 92.00 | 119.00 | NOTE | |
r-oldrel-macos-arm64 | 1.1.1 | 37.00 | NOTE | |||
r-oldrel-macos-x86_64 | 1.1.1 | 52.00 | NOTE | |||
r-oldrel-windows-ix86+x86_64 | 1.1.1 | 15.00 | 79.00 | 94.00 | NOTE |
Version: 1.1.1
Check: installed package size
Result: NOTE
installed size is 18.0Mb
sub-directories of 1Mb or more:
data 17.9Mb
Flavors: r-devel-linux-x86_64-fedora-clang, r-devel-windows-x86_64, r-release-macos-arm64, r-release-macos-x86_64, r-release-windows-x86_64, r-oldrel-macos-arm64, r-oldrel-macos-x86_64, r-oldrel-windows-ix86+x86_64