Last updated on 2022-08-15 08:49:52 CEST.
Flavor | Version | Tinstall | Tcheck | Ttotal | Status | Flags |
---|---|---|---|---|---|---|
r-devel-linux-x86_64-debian-clang | 4.1.1 | 5.88 | 46.11 | 51.99 | OK | |
r-devel-linux-x86_64-debian-gcc | 4.1.1 | 3.51 | 35.68 | 39.19 | OK | |
r-devel-linux-x86_64-fedora-clang | 4.1.1 | 72.78 | NOTE | |||
r-devel-linux-x86_64-fedora-gcc | 4.1.1 | 71.18 | NOTE | |||
r-devel-windows-x86_64 | 4.1.1 | 18.00 | 89.00 | 107.00 | OK | |
r-patched-linux-x86_64 | 4.1.1 | 4.81 | 45.45 | 50.26 | OK | |
r-release-linux-x86_64 | 4.1.1 | 5.09 | 44.84 | 49.93 | OK | |
r-release-macos-arm64 | 4.1.1 | 23.00 | NOTE | |||
r-release-macos-x86_64 | 4.1.1 | 33.00 | NOTE | |||
r-release-windows-x86_64 | 4.1.1 | 26.00 | 92.00 | 118.00 | OK | |
r-oldrel-macos-arm64 | 4.1.1 | 22.00 | NOTE | |||
r-oldrel-macos-x86_64 | 4.1.1 | 104.00 | NOTE | |||
r-oldrel-windows-ix86+x86_64 | 4.1.1 | 10.00 | 74.00 | 84.00 | OK |
Version: 4.1.1
Check: dependencies in R code
Result: NOTE
Namespace in Imports field not imported from: ‘htmltools’
All declared Imports should be used.
Flavors: r-devel-linux-x86_64-fedora-clang, r-devel-linux-x86_64-fedora-gcc, r-release-macos-arm64, r-release-macos-x86_64, r-oldrel-macos-arm64, r-oldrel-macos-x86_64