Last updated on 2022-08-15 08:49:53 CEST.
Flavor | Version | Tinstall | Tcheck | Ttotal | Status | Flags |
---|---|---|---|---|---|---|
r-devel-linux-x86_64-debian-clang | 0.1.3 | 1.94 | 23.30 | 25.24 | OK | |
r-devel-linux-x86_64-debian-gcc | 0.1.3 | 1.90 | 18.04 | 19.94 | OK | |
r-devel-linux-x86_64-fedora-clang | 0.1.3 | 41.64 | NOTE | |||
r-devel-linux-x86_64-fedora-gcc | 0.1.3 | 40.55 | NOTE | |||
r-devel-windows-x86_64 | 0.1.3 | 5.00 | 48.00 | 53.00 | OK | |
r-patched-linux-x86_64 | 0.1.3 | 2.19 | 22.56 | 24.75 | OK | |
r-release-linux-x86_64 | 0.1.3 | 1.82 | 22.49 | 24.31 | OK | |
r-release-macos-arm64 | 0.1.3 | 15.00 | NOTE | |||
r-release-macos-x86_64 | 0.1.3 | 20.00 | NOTE | |||
r-release-windows-x86_64 | 0.1.3 | 5.00 | 46.00 | 51.00 | OK | |
r-oldrel-macos-arm64 | 0.1.3 | 19.00 | NOTE | |||
r-oldrel-macos-x86_64 | 0.1.3 | 26.00 | NOTE | |||
r-oldrel-windows-ix86+x86_64 | 0.1.3 | 5.00 | 30.00 | 35.00 | OK |
Version: 0.1.3
Check: dependencies in R code
Result: NOTE
Namespace in Imports field not imported from: ‘base’
All declared Imports should be used.
Flavors: r-devel-linux-x86_64-fedora-clang, r-devel-linux-x86_64-fedora-gcc, r-release-macos-arm64, r-release-macos-x86_64, r-oldrel-macos-arm64, r-oldrel-macos-x86_64