Last updated on 2022-08-15 08:49:53 CEST.
Flavor | Version | Tinstall | Tcheck | Ttotal | Status | Flags |
---|---|---|---|---|---|---|
r-devel-linux-x86_64-debian-clang | 0.10.2 | 20.13 | 111.02 | 131.15 | OK | |
r-devel-linux-x86_64-debian-gcc | 0.10.2 | 16.29 | 82.11 | 98.40 | OK | |
r-devel-linux-x86_64-fedora-clang | 0.10.2 | 167.66 | NOTE | |||
r-devel-linux-x86_64-fedora-gcc | 0.10.2 | 174.93 | OK | |||
r-devel-windows-x86_64 | 0.10.2 | 158.00 | 124.00 | 282.00 | NOTE | |
r-patched-linux-x86_64 | 0.10.2 | 23.20 | 97.18 | 120.38 | OK | |
r-release-linux-x86_64 | 0.10.2 | 16.69 | 99.52 | 116.21 | OK | |
r-release-macos-arm64 | 0.10.2 | 46.00 | NOTE | |||
r-release-macos-x86_64 | 0.10.2 | 63.00 | NOTE | |||
r-release-windows-x86_64 | 0.10.2 | 166.00 | 131.00 | 297.00 | NOTE | |
r-oldrel-macos-arm64 | 0.10.2 | 40.00 | NOTE | |||
r-oldrel-macos-x86_64 | 0.10.2 | 55.00 | NOTE | |||
r-oldrel-windows-ix86+x86_64 | 0.10.2 | 35.00 | 116.00 | 151.00 | NOTE |
Version: 0.10.2
Check: installed package size
Result: NOTE
installed size is 6.5Mb
sub-directories of 1Mb or more:
R 1.7Mb
extdata 4.3Mb
Flavors: r-devel-linux-x86_64-fedora-clang, r-devel-windows-x86_64, r-release-macos-arm64, r-release-macos-x86_64, r-release-windows-x86_64, r-oldrel-macos-arm64, r-oldrel-macos-x86_64, r-oldrel-windows-ix86+x86_64