Last updated on 2022-08-15 08:49:53 CEST.
Flavor | Version | Tinstall | Tcheck | Ttotal | Status | Flags |
---|---|---|---|---|---|---|
r-devel-linux-x86_64-debian-clang | 0.1.1 | 10.74 | 183.98 | 194.72 | OK | |
r-devel-linux-x86_64-debian-gcc | 0.1.1 | 8.07 | 132.95 | 141.02 | OK | |
r-devel-linux-x86_64-fedora-clang | 0.1.1 | 236.54 | NOTE | |||
r-devel-linux-x86_64-fedora-gcc | 0.1.1 | 229.27 | OK | |||
r-devel-windows-x86_64 | 0.1.1 | 25.00 | 275.00 | 300.00 | NOTE | |
r-patched-linux-x86_64 | 0.1.1 | 10.43 | 179.95 | 190.38 | OK | |
r-release-linux-x86_64 | 0.1.1 | 10.77 | 179.56 | 190.33 | OK | |
r-release-macos-arm64 | 0.1.1 | 163.00 | NOTE | |||
r-release-macos-x86_64 | 0.1.1 | 203.00 | NOTE | |||
r-release-windows-x86_64 | 0.1.1 | 33.00 | 270.00 | 303.00 | NOTE | |
r-oldrel-macos-arm64 | 0.1.1 | 159.00 | NOTE | |||
r-oldrel-macos-x86_64 | 0.1.1 | 181.00 | NOTE | |||
r-oldrel-windows-ix86+x86_64 | 0.1.1 | 26.00 | 322.00 | 348.00 | NOTE |
Version: 0.1.1
Check: installed package size
Result: NOTE
installed size is 7.5Mb
sub-directories of 1Mb or more:
doc 7.3Mb
Flavors: r-devel-linux-x86_64-fedora-clang, r-devel-windows-x86_64, r-release-macos-arm64, r-release-macos-x86_64, r-release-windows-x86_64, r-oldrel-macos-arm64, r-oldrel-macos-x86_64, r-oldrel-windows-ix86+x86_64