Last updated on 2022-08-15 08:49:53 CEST.
Flavor | Version | Tinstall | Tcheck | Ttotal | Status | Flags |
---|---|---|---|---|---|---|
r-devel-linux-x86_64-debian-clang | 0.6.2 | 2.51 | 30.44 | 32.95 | ERROR | |
r-devel-linux-x86_64-debian-gcc | 0.6.2 | 1.99 | 24.02 | 26.01 | OK | |
r-devel-linux-x86_64-fedora-clang | 0.6.2 | 51.43 | OK | |||
r-devel-linux-x86_64-fedora-gcc | 0.6.2 | 49.45 | OK | |||
r-devel-windows-x86_64 | 0.6.2 | 13.00 | 55.00 | 68.00 | OK | |
r-patched-linux-x86_64 | 0.6.2 | 2.78 | 29.42 | 32.20 | OK | |
r-release-linux-x86_64 | 0.6.2 | 2.84 | 29.98 | 32.82 | OK | |
r-release-macos-arm64 | 0.6.2 | 20.00 | OK | |||
r-release-macos-x86_64 | 0.6.2 | 25.00 | OK | |||
r-release-windows-x86_64 | 0.6.2 | 5.00 | 56.00 | 61.00 | OK | |
r-oldrel-macos-arm64 | 0.6.2 | 14.00 | OK | |||
r-oldrel-macos-x86_64 | 0.6.2 | 23.00 | OK | |||
r-oldrel-windows-ix86+x86_64 | 0.6.2 | 9.00 | 49.00 | 58.00 | OK |
Version: 0.6.2
Check: tests
Result: ERROR
Running 'testthat.R' [2s/2s]
Running the tests in 'tests/testthat.R' failed.
Complete output:
> library(testthat)
>
> test_check("citation")
Loading required package: citation
[ FAIL 2 | WARN 4 | SKIP 0 | PASS 11 ]
== Failed tests ================================================================
-- Failure (test-r2cff.R:15:3): r2cff generally works --------------------------
`r2cff\(descFile\)` does not match "cff-version".
Actual value: "# YAML 1\.2\\n---\\ncff-version: "1\.1\.0",\\nmessage: "If you use this software, please cite it using these metadata\."\\ntitle: Manipulate DESCRIPTION Files\\nversion: 1\.4\.1\\ndate-released: 2022-03-06\\nauthors:\\n - family-names: Cs\\xe1rdi\\n given-names: G\\xe1bor\\n - family-names: M\\xfcller\\n given-names: Kirill\\n - family-names: Hester\\n given-names: Jim\\n - family-names: Salmon\\n given-names: Ma\\xeblle\\n - name: RStudio"
Backtrace:
x
1. \-testthat::expect_output(r2cff(descFile), "cff-version") at test-r2cff.R:15:2
2. \-testthat::expect_match(...)
3. \-testthat:::expect_match_(...)
-- Failure (test-r2cff.R:17:3): r2cff generally works --------------------------
`r2cff\(covrFile\)` does not match "cff-version".
Actual value: "# YAML 1\.2\\n---\\ncff-version: "1\.1\.0",\\nmessage: "If you use this software, please cite it using these metadata\."\\ntitle: Test Coverage for Packages\\nversion: 3\.5\.1\\ndate-released: 2020-09-16\\nauthors:\\n - family-names: Hester\\n given-names: Jim\\n - family-names: Ligtenberg\\n given-names: Willem\\n - family-names: M\\xfcller\\n given-names: Kirill\\n - family-names: Bengtsson\\n given-names: Henrik\\n - family-names: Peak\\n given-names: Steve\\n - family-names: Sevastyanenko\\n given-names: Kirill\\n - family-names: Clayden\\n given-names: Jon\\n - family-names: Flight\\n given-names: Robert\\n - family-names: Brown\\n given-names: Eric\\n - family-names: Gaslam\\n given-names: Brodie\\n - family-names: Beasley\\n given-names: Will\\n - family-names: Krzyzanowski\\n given-names: Robert\\n - family-names: Wamser\\n given-names: Markus\\n - family-names: Forner\\n given-names: Karl\\n - family-names: Dar\\xf3czi\\n given-names: Gergely\\n - family-names: Helske\\n given-names: Jouni\\n - family-names: Ren\\n given-names: Kun\\n - family-names: Ooms\\n given-names: Jeroen\\n - family-names: Williams\\n given-names: Ken\\n - family-names: Campbell\\n given-names: Chris\\n - family-names: Hugh-Jones\\n given-names: David\\n - family-names: Wang\\n given-names: Qin\\n - name: Ivan Sagalaev\\n - family-names: Otto\\n given-names: Mark\\n - family-names: Thornton\\n given-names: Jacob\\n - family-names: contributors\\n given-names: Bootstrap\\n - name: Twitter, Inc"
Backtrace:
x
1. \-testthat::expect_output(r2cff(covrFile), "cff-version") at test-r2cff.R:17:2
2. \-testthat::expect_match(...)
3. \-testthat:::expect_match_(...)
[ FAIL 2 | WARN 4 | SKIP 0 | PASS 11 ]
Error: Test failures
Execution halted
Flavor: r-devel-linux-x86_64-debian-clang