Last updated on 2022-08-15 08:49:53 CEST.
Flavor | Version | Tinstall | Tcheck | Ttotal | Status | Flags |
---|---|---|---|---|---|---|
r-devel-linux-x86_64-debian-clang | 1.0.0 | 5.71 | 55.27 | 60.98 | OK | |
r-devel-linux-x86_64-debian-gcc | 1.0.0 | 4.56 | 42.55 | 47.11 | OK | |
r-devel-linux-x86_64-fedora-clang | 1.0.0 | 84.54 | OK | |||
r-devel-linux-x86_64-fedora-gcc | 1.0.0 | 44.40 | OK | |||
r-devel-windows-x86_64 | 1.0.0 | 34.00 | 89.00 | 123.00 | OK | |
r-patched-linux-x86_64 | 1.0.0 | 5.12 | 51.88 | 57.00 | OK | |
r-release-linux-x86_64 | 1.0.0 | 5.98 | 52.79 | 58.77 | OK | |
r-release-macos-arm64 | 1.0.0 | 30.00 | WARN | |||
r-release-macos-x86_64 | 1.0.0 | 39.00 | OK | |||
r-release-windows-x86_64 | 1.0.0 | 38.00 | 110.00 | 148.00 | OK | |
r-oldrel-macos-arm64 | 1.0.0 | 32.00 | WARN | |||
r-oldrel-macos-x86_64 | 1.0.0 | 42.00 | OK | |||
r-oldrel-windows-ix86+x86_64 | 1.0.0 | 18.00 | 95.00 | 113.00 | OK |
Version: 1.0.0
Check: whether package can be installed
Result: WARN
Found the following significant warnings:
Warning: Torch failed to start, restart your R session to try again. /Volumes/Builds/packages/big-sur-arm64/Rlib/4.2/torch/lib/liblantern.dylib - dlopen(/Volumes/Builds/packages/big-sur-arm64/Rlib/4.2/torch/lib/liblantern.dylib, 10): no suitable image found. Did find:
Flavor: r-release-macos-arm64
Version: 1.0.0
Check: whether package can be installed
Result: WARN
Found the following significant warnings:
Warning: Torch failed to start, restart your R session to try again. /Volumes/Builds/packages/big-sur-arm64/Rlib/4.1/torch/lib/liblantern.dylib - dlopen(/Volumes/Builds/packages/big-sur-arm64/Rlib/4.1/torch/lib/liblantern.dylib, 10): no suitable image found. Did find:
Flavor: r-oldrel-macos-arm64