Last updated on 2022-08-15 08:49:53 CEST.
Flavor | Version | Tinstall | Tcheck | Ttotal | Status | Flags |
---|---|---|---|---|---|---|
r-devel-linux-x86_64-debian-clang | 1.0.1 | 3.32 | 35.39 | 38.71 | NOTE | |
r-devel-linux-x86_64-debian-gcc | 1.0.1 | 2.37 | 27.16 | 29.53 | NOTE | |
r-devel-linux-x86_64-fedora-clang | 1.0.1 | 58.37 | NOTE | |||
r-devel-linux-x86_64-fedora-gcc | 1.0.1 | 58.83 | NOTE | |||
r-devel-windows-x86_64 | 1.0.1 | 13.00 | 67.00 | 80.00 | NOTE | |
r-patched-linux-x86_64 | 1.0.1 | 2.91 | 33.76 | 36.67 | NOTE | |
r-release-linux-x86_64 | 1.0.1 | 2.14 | 33.77 | 35.91 | NOTE | |
r-release-macos-arm64 | 1.0.1 | 20.00 | NOTE | |||
r-release-macos-x86_64 | 1.0.1 | 31.00 | NOTE | |||
r-release-windows-x86_64 | 1.0.1 | 17.00 | 72.00 | 89.00 | NOTE | |
r-oldrel-macos-arm64 | 1.0.1 | 21.00 | NOTE | |||
r-oldrel-macos-x86_64 | 1.0.1 | 34.00 | NOTE | |||
r-oldrel-windows-ix86+x86_64 | 1.0.1 | 8.00 | 54.00 | 62.00 | NOTE |
Version: 1.0.1
Check: LazyData
Result: NOTE
'LazyData' is specified without a 'data' directory
Flavors: r-devel-linux-x86_64-debian-clang, r-devel-linux-x86_64-debian-gcc, r-devel-linux-x86_64-fedora-clang, r-devel-linux-x86_64-fedora-gcc, r-devel-windows-x86_64, r-patched-linux-x86_64, r-release-linux-x86_64, r-release-macos-arm64, r-release-macos-x86_64, r-release-windows-x86_64, r-oldrel-macos-arm64, r-oldrel-macos-x86_64, r-oldrel-windows-ix86+x86_64