Last updated on 2022-08-15 08:49:53 CEST.
Flavor | Version | Tinstall | Tcheck | Ttotal | Status | Flags |
---|---|---|---|---|---|---|
r-devel-linux-x86_64-debian-clang | 0.6.0 | 10.87 | 88.97 | 99.84 | NOTE | |
r-devel-linux-x86_64-debian-gcc | 0.6.0 | 8.25 | 64.97 | 73.22 | NOTE | |
r-devel-linux-x86_64-fedora-clang | 0.6.0 | 127.51 | NOTE | |||
r-devel-linux-x86_64-fedora-gcc | 0.6.0 | 121.36 | NOTE | |||
r-devel-windows-x86_64 | 0.6.0 | 66.00 | 120.00 | 186.00 | NOTE | |
r-patched-linux-x86_64 | 0.6.0 | 11.14 | 79.88 | 91.02 | NOTE | |
r-release-linux-x86_64 | 0.6.0 | 9.53 | 80.57 | 90.10 | NOTE | |
r-release-macos-arm64 | 0.6.0 | 31.00 | NOTE | |||
r-release-macos-x86_64 | 0.6.0 | 61.00 | NOTE | |||
r-release-windows-x86_64 | 0.6.0 | 67.00 | 119.00 | 186.00 | NOTE | |
r-oldrel-macos-arm64 | 0.6.0 | 41.00 | NOTE | |||
r-oldrel-macos-x86_64 | 0.6.0 | 71.00 | NOTE | |||
r-oldrel-windows-ix86+x86_64 | 0.6.0 | 22.00 | 107.00 | 129.00 | NOTE |
Version: 0.6.0
Check: LazyData
Result: NOTE
'LazyData' is specified without a 'data' directory
Flavors: r-devel-linux-x86_64-debian-clang, r-devel-linux-x86_64-debian-gcc, r-devel-linux-x86_64-fedora-clang, r-devel-linux-x86_64-fedora-gcc, r-devel-windows-x86_64, r-patched-linux-x86_64, r-release-linux-x86_64, r-release-macos-arm64, r-release-macos-x86_64, r-release-windows-x86_64, r-oldrel-macos-arm64, r-oldrel-macos-x86_64, r-oldrel-windows-ix86+x86_64