Last updated on 2022-08-15 08:49:53 CEST.
Flavor | Version | Tinstall | Tcheck | Ttotal | Status | Flags |
---|---|---|---|---|---|---|
r-devel-linux-x86_64-debian-clang | 0.7 | 5.44 | 134.79 | 140.23 | OK | |
r-devel-linux-x86_64-debian-gcc | 0.7 | 4.22 | 96.92 | 101.14 | OK | |
r-devel-linux-x86_64-fedora-clang | 0.7 | 172.01 | OK | |||
r-devel-linux-x86_64-fedora-gcc | 0.7 | 174.76 | OK | |||
r-devel-windows-x86_64 | 0.7 | 23.00 | 178.00 | 201.00 | OK | |
r-patched-linux-x86_64 | 0.7 | 5.21 | 124.73 | 129.94 | OK | |
r-release-linux-x86_64 | 0.7 | 4.67 | 127.33 | 132.00 | OK | |
r-release-macos-arm64 | 0.7 | 29.00 | NOTE | |||
r-release-macos-x86_64 | 0.7 | 85.00 | OK | |||
r-release-windows-x86_64 | 0.7 | 26.00 | 178.00 | 204.00 | OK | |
r-oldrel-macos-arm64 | 0.7 | 53.00 | NOTE | |||
r-oldrel-macos-x86_64 | 0.7 | 81.00 | NOTE | |||
r-oldrel-windows-ix86+x86_64 | 0.7 | 13.00 | 166.00 | 179.00 | OK |
Version: 0.7
Check: package dependencies
Result: NOTE
Packages suggested but not available for checking:
'Biobase', 'annotate', 'GO.db', 'moe430a.db'
Flavor: r-release-macos-arm64
Version: 0.7
Check: package dependencies
Result: NOTE
Packages suggested but not available for checking: 'GO.db', 'moe430a.db'
Flavors: r-oldrel-macos-arm64, r-oldrel-macos-x86_64