Last updated on 2022-08-15 08:49:53 CEST.
Flavor | Version | Tinstall | Tcheck | Ttotal | Status | Flags |
---|---|---|---|---|---|---|
r-devel-linux-x86_64-debian-clang | 0.4.2 | 2.69 | 30.93 | 33.62 | NOTE | |
r-devel-linux-x86_64-debian-gcc | 0.4.2 | 1.45 | 24.53 | 25.98 | NOTE | |
r-devel-linux-x86_64-fedora-clang | 0.4.2 | 52.62 | NOTE | |||
r-devel-linux-x86_64-fedora-gcc | 0.4.2 | 50.42 | NOTE | |||
r-devel-windows-x86_64 | 0.4.2 | 6.00 | 63.00 | 69.00 | NOTE | |
r-patched-linux-x86_64 | 0.4.2 | 3.03 | 30.04 | 33.07 | NOTE | |
r-release-linux-x86_64 | 0.4.2 | 2.83 | 30.29 | 33.12 | NOTE | |
r-release-macos-arm64 | 0.4.2 | 21.00 | NOTE | |||
r-release-macos-x86_64 | 0.4.2 | 27.00 | NOTE | |||
r-release-windows-x86_64 | 0.4.2 | 29.00 | 64.00 | 93.00 | NOTE | |
r-oldrel-macos-arm64 | 0.4.2 | 25.00 | NOTE | |||
r-oldrel-macos-x86_64 | 0.4.2 | 33.00 | NOTE | |||
r-oldrel-windows-ix86+x86_64 | 0.4.2 | 7.00 | 55.00 | 62.00 | NOTE |
Version: 0.4.2
Check: LazyData
Result: NOTE
'LazyData' is specified without a 'data' directory
Flavors: r-devel-linux-x86_64-debian-clang, r-devel-linux-x86_64-debian-gcc, r-devel-linux-x86_64-fedora-clang, r-devel-linux-x86_64-fedora-gcc, r-devel-windows-x86_64, r-patched-linux-x86_64, r-release-linux-x86_64, r-release-macos-arm64, r-release-macos-x86_64, r-release-windows-x86_64, r-oldrel-macos-arm64, r-oldrel-macos-x86_64, r-oldrel-windows-ix86+x86_64