Last updated on 2022-08-15 08:49:53 CEST.
Flavor | Version | Tinstall | Tcheck | Ttotal | Status | Flags |
---|---|---|---|---|---|---|
r-devel-linux-x86_64-debian-clang | 0.4.1 | 1.44 | 31.98 | 33.42 | OK | |
r-devel-linux-x86_64-debian-gcc | 0.4.1 | 1.77 | 24.26 | 26.03 | OK | |
r-devel-linux-x86_64-fedora-clang | 0.4.1 | 52.60 | NOTE | |||
r-devel-linux-x86_64-fedora-gcc | 0.4.1 | 50.52 | OK | |||
r-devel-windows-x86_64 | 0.4.1 | 15.00 | 55.00 | 70.00 | OK | |
r-patched-linux-x86_64 | 0.4.1 | 2.57 | 30.51 | 33.08 | OK | |
r-release-linux-x86_64 | 0.4.1 | 2.36 | 30.13 | 32.49 | OK | |
r-release-macos-arm64 | 0.4.1 | 24.00 | OK | |||
r-release-macos-x86_64 | 0.4.1 | 24.00 | OK | |||
r-release-windows-x86_64 | 0.4.1 | 21.00 | 55.00 | 76.00 | OK | |
r-oldrel-macos-arm64 | 0.4.1 | 24.00 | OK | |||
r-oldrel-macos-x86_64 | 0.4.1 | 23.00 | OK | |||
r-oldrel-windows-ix86+x86_64 | 0.4.1 | 6.00 | 50.00 | 56.00 | OK |
Version: 0.4.1
Check: Rd cross-references
Result: NOTE
Undeclared package ‘reshape’ in Rd xrefs
Flavor: r-devel-linux-x86_64-fedora-clang