Last updated on 2022-08-15 08:49:53 CEST.
Flavor | Version | Tinstall | Tcheck | Ttotal | Status | Flags |
---|---|---|---|---|---|---|
r-devel-linux-x86_64-debian-clang | 1.2.0 | 12.57 | 616.89 | 629.46 | OK | |
r-devel-linux-x86_64-debian-gcc | 1.2.0 | 10.47 | 478.70 | 489.17 | OK | |
r-devel-linux-x86_64-fedora-clang | 1.2.0 | 738.91 | NOTE | |||
r-devel-linux-x86_64-fedora-gcc | 1.2.0 | 867.53 | NOTE | |||
r-devel-windows-x86_64 | 1.2.0 | 58.00 | 696.00 | 754.00 | OK | |
r-patched-linux-x86_64 | 1.2.0 | 13.10 | 608.42 | 621.52 | OK | |
r-release-linux-x86_64 | 1.2.0 | 11.29 | 609.95 | 621.24 | OK | |
r-release-macos-arm64 | 1.2.0 | 313.00 | NOTE | |||
r-release-macos-x86_64 | 1.2.0 | 519.00 | NOTE | |||
r-release-windows-x86_64 | 1.2.0 | 40.00 | 705.00 | 745.00 | OK | |
r-oldrel-macos-arm64 | 1.2.0 | 322.00 | NOTE | |||
r-oldrel-macos-x86_64 | 1.2.0 | 426.00 | NOTE | |||
r-oldrel-windows-ix86+x86_64 | 1.2.0 | 30.00 | 166.00 | 196.00 | OK |
Version: 1.2.0
Check: data for non-ASCII characters
Result: NOTE
Note: found 9 marked UTF-8 strings
Flavors: r-devel-linux-x86_64-fedora-clang, r-devel-linux-x86_64-fedora-gcc, r-release-macos-arm64, r-release-macos-x86_64, r-oldrel-macos-arm64, r-oldrel-macos-x86_64