Last updated on 2022-08-15 08:49:53 CEST.
Flavor | Version | Tinstall | Tcheck | Ttotal | Status | Flags |
---|---|---|---|---|---|---|
r-devel-linux-x86_64-debian-clang | 1.2.1 | 35.12 | 29.77 | 64.89 | NOTE | |
r-devel-linux-x86_64-debian-gcc | 1.2.1 | 27.43 | 22.97 | 50.40 | NOTE | |
r-devel-linux-x86_64-fedora-clang | 1.2.1 | 105.01 | NOTE | |||
r-devel-linux-x86_64-fedora-gcc | 1.2.1 | 91.45 | NOTE | |||
r-devel-windows-x86_64 | 1.2.1 | 118.00 | 79.00 | 197.00 | NOTE | |
r-patched-linux-x86_64 | 1.2.1 | 28.37 | 28.89 | 57.26 | NOTE | |
r-release-linux-x86_64 | 1.2.1 | 29.25 | 28.81 | 58.06 | NOTE | |
r-release-macos-arm64 | 1.2.1 | 27.00 | NOTE | |||
r-release-macos-x86_64 | 1.2.1 | 38.00 | NOTE | |||
r-release-windows-x86_64 | 1.2.1 | 57.00 | 80.00 | 137.00 | NOTE | |
r-oldrel-macos-arm64 | 1.2.1 | 35.00 | NOTE | |||
r-oldrel-macos-x86_64 | 1.2.1 | 49.00 | NOTE | |||
r-oldrel-windows-ix86+x86_64 | 1.2.1 | 88.00 | 81.00 | 169.00 | NOTE |
Version: 1.2.1
Check: LazyData
Result: NOTE
'LazyData' is specified without a 'data' directory
Flavors: r-devel-linux-x86_64-debian-clang, r-devel-linux-x86_64-debian-gcc, r-devel-linux-x86_64-fedora-clang, r-devel-linux-x86_64-fedora-gcc, r-devel-windows-x86_64, r-patched-linux-x86_64, r-release-linux-x86_64, r-release-macos-arm64, r-release-macos-x86_64, r-release-windows-x86_64, r-oldrel-macos-arm64, r-oldrel-macos-x86_64, r-oldrel-windows-ix86+x86_64
Version: 1.2.1
Check: package dependencies
Result: NOTE
Package suggested but not available for checking: ‘readtext’
Flavor: r-release-macos-x86_64
Version: 1.2.1
Check: installed package size
Result: NOTE
installed size is 5.4Mb
sub-directories of 1Mb or more:
libs 5.4Mb
Flavor: r-oldrel-windows-ix86+x86_64