Last updated on 2022-08-15 08:49:53 CEST.
Flavor | Version | Tinstall | Tcheck | Ttotal | Status | Flags |
---|---|---|---|---|---|---|
r-devel-linux-x86_64-debian-clang | 0.1.0 | 3.05 | 26.73 | 29.78 | OK | |
r-devel-linux-x86_64-debian-gcc | 0.1.0 | 2.06 | 20.60 | 22.66 | OK | |
r-devel-linux-x86_64-fedora-clang | 0.1.0 | 46.40 | NOTE | |||
r-devel-linux-x86_64-fedora-gcc | 0.1.0 | 44.78 | OK | |||
r-devel-windows-x86_64 | 0.1.0 | 120.00 | 54.00 | 174.00 | OK | |
r-patched-linux-x86_64 | 0.1.0 | 2.24 | 25.56 | 27.80 | OK | |
r-release-linux-x86_64 | 0.1.0 | 2.99 | 25.37 | 28.36 | OK | |
r-release-macos-arm64 | 0.1.0 | 16.00 | OK | |||
r-release-macos-x86_64 | 0.1.0 | 24.00 | OK | |||
r-release-windows-x86_64 | 0.1.0 | 90.00 | 54.00 | 144.00 | OK | |
r-oldrel-macos-arm64 | 0.1.0 | 14.00 | OK | |||
r-oldrel-macos-x86_64 | 0.1.0 | 23.00 | OK | |||
r-oldrel-windows-ix86+x86_64 | 0.1.0 | 7.00 | 45.00 | 52.00 | OK |
Version: 0.1.0
Check: Rd cross-references
Result: NOTE
Undeclared packages ‘bslib’, ‘shiny’ in Rd xrefs
Flavor: r-devel-linux-x86_64-fedora-clang