Last updated on 2022-08-15 08:49:53 CEST.
Flavor | Version | Tinstall | Tcheck | Ttotal | Status | Flags |
---|---|---|---|---|---|---|
r-devel-linux-x86_64-debian-clang | 1.2.0 | 119.95 | 40.83 | 160.78 | ERROR | |
r-devel-linux-x86_64-debian-gcc | 1.2.0 | 94.00 | 33.95 | 127.95 | ERROR | |
r-devel-linux-x86_64-fedora-clang | 1.2.0 | 220.00 | ERROR | |||
r-devel-linux-x86_64-fedora-gcc | 1.2.0 | 216.01 | ERROR | |||
r-devel-windows-x86_64 | 1.2.0 | 88.00 | 169.00 | 257.00 | OK | |
r-patched-linux-x86_64 | 1.2.0 | 103.90 | 44.32 | 148.22 | ERROR | |
r-release-linux-x86_64 | 1.2.0 | 90.03 | 43.82 | 133.85 | ERROR | |
r-release-macos-arm64 | 1.2.0 | 69.00 | NOTE | |||
r-release-macos-x86_64 | 1.2.0 | 93.00 | NOTE | |||
r-release-windows-x86_64 | 1.2.0 | 173.00 | 155.00 | 328.00 | OK | |
r-oldrel-macos-arm64 | 1.2.0 | 88.00 | NOTE | |||
r-oldrel-macos-x86_64 | 1.2.0 | 141.00 | NOTE | |||
r-oldrel-windows-ix86+x86_64 | 1.2.0 | 258.00 | 148.00 | 406.00 | OK |
Version: 1.2.0
Check: package dependencies
Result: NOTE
Package suggested but not available for checking: 'lasso2'
Flavors: r-devel-linux-x86_64-debian-clang, r-devel-linux-x86_64-debian-gcc, r-devel-linux-x86_64-fedora-clang, r-devel-linux-x86_64-fedora-gcc, r-patched-linux-x86_64, r-release-linux-x86_64
Version: 1.2.0
Check: re-building of vignette outputs
Result: ERROR
Error(s) in re-building vignettes:
...
--- re-building 'clere.Rnw' using Sweave
Error: processing vignette 'clere.Rnw' failed with diagnostics:
chunk 3
Error in find.package(package, lib.loc, verbose = verbose) :
there is no package called 'lasso2'
--- failed re-building 'clere.Rnw'
SUMMARY: processing the following file failed:
'clere.Rnw'
Error: Vignette re-building failed.
Execution halted
Flavors: r-devel-linux-x86_64-debian-clang, r-devel-linux-x86_64-debian-gcc, r-patched-linux-x86_64, r-release-linux-x86_64
Version: 1.2.0
Check: re-building of vignette outputs
Result: ERROR
Error(s) in re-building vignettes:
--- re-building ‘clere.Rnw’ using Sweave
Error: processing vignette 'clere.Rnw' failed with diagnostics:
chunk 3
Error in find.package(package, lib.loc, verbose = verbose) :
there is no package called ‘lasso2’
--- failed re-building ‘clere.Rnw’
SUMMARY: processing the following file failed:
‘clere.Rnw’
Error: Vignette re-building failed.
Execution halted
Flavors: r-devel-linux-x86_64-fedora-clang, r-devel-linux-x86_64-fedora-gcc
Version: 1.2.0
Check: installed package size
Result: NOTE
installed size is 21.0Mb
sub-directories of 1Mb or more:
libs 20.2Mb
Flavors: r-release-macos-arm64, r-release-macos-x86_64, r-oldrel-macos-arm64, r-oldrel-macos-x86_64