Last updated on 2022-08-15 08:49:53 CEST.
Flavor | Version | Tinstall | Tcheck | Ttotal | Status | Flags |
---|---|---|---|---|---|---|
r-devel-linux-x86_64-debian-clang | 0.1.1 | 5.23 | 147.98 | 153.21 | NOTE | |
r-devel-linux-x86_64-debian-gcc | 0.1.1 | 4.47 | 130.77 | 135.24 | NOTE | |
r-devel-linux-x86_64-fedora-clang | 0.1.1 | 216.01 | NOTE | |||
r-devel-linux-x86_64-fedora-gcc | 0.1.1 | 218.61 | NOTE | |||
r-devel-windows-x86_64 | 0.1.1 | 24.00 | 169.00 | 193.00 | NOTE | |
r-patched-linux-x86_64 | 0.1.1 | 5.02 | 167.12 | 172.14 | NOTE | |
r-release-linux-x86_64 | 0.1.1 | 4.15 | 166.52 | 170.67 | NOTE | |
r-release-macos-arm64 | 0.1.1 | 48.00 | NOTE | |||
r-release-macos-x86_64 | 0.1.1 | 78.00 | NOTE | |||
r-release-windows-x86_64 | 0.1.1 | 28.00 | 167.00 | 195.00 | NOTE | |
r-oldrel-macos-arm64 | 0.1.1 | 63.00 | NOTE | |||
r-oldrel-macos-x86_64 | 0.1.1 | 85.00 | NOTE | |||
r-oldrel-windows-ix86+x86_64 | 0.1.1 | 13.00 | 175.00 | 188.00 | NOTE |
Version: 0.1.1
Check: LazyData
Result: NOTE
'LazyData' is specified without a 'data' directory
Flavors: r-devel-linux-x86_64-debian-clang, r-devel-linux-x86_64-debian-gcc, r-devel-linux-x86_64-fedora-clang, r-devel-linux-x86_64-fedora-gcc, r-devel-windows-x86_64, r-patched-linux-x86_64, r-release-linux-x86_64, r-release-macos-arm64, r-release-macos-x86_64, r-release-windows-x86_64, r-oldrel-macos-arm64, r-oldrel-macos-x86_64, r-oldrel-windows-ix86+x86_64