Last updated on 2022-08-15 08:49:53 CEST.
Flavor | Version | Tinstall | Tcheck | Ttotal | Status | Flags |
---|---|---|---|---|---|---|
r-devel-linux-x86_64-debian-clang | 1.0-7 | 28.17 | 293.20 | 321.37 | NOTE | |
r-devel-linux-x86_64-debian-gcc | 1.0-8 | 25.55 | 219.36 | 244.91 | OK | |
r-devel-linux-x86_64-fedora-clang | 1.0-8 | 426.56 | OK | |||
r-devel-linux-x86_64-fedora-gcc | 1.0-8 | 419.41 | OK | |||
r-devel-windows-x86_64 | 1.0-8 | 56.00 | 279.00 | 335.00 | OK | |
r-patched-linux-x86_64 | 1.0-7 | 30.07 | 279.32 | 309.39 | OK | |
r-release-linux-x86_64 | 1.0-8 | 26.65 | 280.77 | 307.42 | OK | |
r-release-macos-arm64 | 1.0-8 | 104.00 | OK | |||
r-release-macos-x86_64 | 1.0-7 | 132.00 | OK | |||
r-release-windows-x86_64 | 1.0-8 | 56.00 | 363.00 | 419.00 | OK | |
r-oldrel-macos-arm64 | 1.0-8 | 84.00 | OK | |||
r-oldrel-macos-x86_64 | 1.0-7 | 114.00 | OK | |||
r-oldrel-windows-ix86+x86_64 | 1.0-7 | 74.00 | 527.00 | 601.00 | OK |
Version: 1.0-7
Check: HTML version of manual
Result: NOTE
Found the following math rendering problems:
signature.Rd:52: Undefined control sequence: \cases in
e_i e_i = \cases{
+1 & if $1\...
Flavor: r-devel-linux-x86_64-debian-clang