Last updated on 2022-08-15 08:49:53 CEST.
Flavor | Version | Tinstall | Tcheck | Ttotal | Status | Flags |
---|---|---|---|---|---|---|
r-devel-linux-x86_64-debian-clang | 3.1.2 | 6.38 | 101.92 | 108.30 | NOTE | |
r-devel-linux-x86_64-debian-gcc | 3.1.2 | 5.86 | 74.07 | 79.93 | NOTE | |
r-devel-linux-x86_64-fedora-clang | 3.1.2 | 137.04 | NOTE | |||
r-devel-linux-x86_64-fedora-gcc | 3.1.2 | 150.02 | NOTE | |||
r-devel-windows-x86_64 | 3.1.2 | 11.00 | 150.00 | 161.00 | NOTE | |
r-patched-linux-x86_64 | 3.1.2 | 7.10 | 93.42 | 100.52 | OK | |
r-release-linux-x86_64 | 3.1.2 | 5.82 | 94.29 | 100.11 | OK | |
r-release-macos-arm64 | 3.1.2 | 33.00 | OK | |||
r-release-macos-x86_64 | 3.1.2 | 52.00 | OK | |||
r-release-windows-x86_64 | 3.1.2 | 21.00 | 130.00 | 151.00 | OK | |
r-oldrel-macos-arm64 | 3.1.2 | 37.00 | NOTE | |||
r-oldrel-macos-x86_64 | 3.1.2 | 65.00 | OK | |||
r-oldrel-windows-ix86+x86_64 | 3.1.2 | 12.00 | 123.00 | 135.00 | OK |
Version: 3.1.2
Check: Rd files
Result: NOTE
checkRd: (-1) diagwl.Rd:3: Escaped LaTeX specials: \&
checkRd: (-1) diagwl.Rd:5: Escaped LaTeX specials: \&
Flavors: r-devel-linux-x86_64-debian-clang, r-devel-linux-x86_64-debian-gcc, r-devel-linux-x86_64-fedora-clang, r-devel-linux-x86_64-fedora-gcc, r-devel-windows-x86_64
Version: 3.1.2
Check: package dependencies
Result: NOTE
Package suggested but not available for checking: ‘RODBC’
Flavor: r-oldrel-macos-arm64